{"id":256,"date":"2023-06-07T05:51:35","date_gmt":"2023-06-07T05:51:35","guid":{"rendered":"https:\/\/conferences.ulbsibiu.ro\/hstapa\/?page_id=256"},"modified":"2025-11-18T21:27:24","modified_gmt":"2025-11-18T21:27:24","slug":"deadlines-fee-2024","status":"publish","type":"page","link":"https:\/\/conferences.ulbsibiu.ro\/hstapa\/2023-2\/deadlines-fee-2024\/","title":{"rendered":"Deadlines HSTAPA 2023"},"content":{"rendered":"\n<p class=\"has-text-align-center has-larger-font-size\"><strong>Registration deadline: 15<sup>th<\/sup> of October 2024<\/strong><\/p>\n\n\n\n<div class=\"wp-block-media-text has-media-on-the-right is-stacked-on-mobile is-vertically-aligned-top\" style=\"grid-template-columns:auto 43%\"><figure class=\"wp-block-media-text__media\"><img loading=\"lazy\" width=\"300\" height=\"168\" src=\"https:\/\/conferences.ulbsibiu.ro\/hstapa\/wp-content\/uploads\/download-1.jpg\" alt=\"\" class=\"wp-image-331 size-full\"\/><\/figure><div class=\"wp-block-media-text__content\">\n<figure class=\"wp-block-table aligncenter is-style-stripes\"><table class=\"has-subtle-pale-blue-background-color has-background\"><tbody><tr><td><strong>Submission of the Registration Form<\/strong>: 15<sup>th<\/sup> of October 2024 (<a href=\"mailto:centru.ccsprise@ulbsibiu.ro\">conf.hstapa@ulbsibiu.ro<\/a>)<br><strong>Fee payment<\/strong>:<strong> <\/strong>15<sup>th<\/sup> of October 2024<\/td><\/tr><tr><td><strong>Confirmation of the Registration Form<\/strong>: 21<sup>st <\/sup>of October 2024<\/td><\/tr><tr><td><strong>Submission of the workpapers<\/strong>: 12<sup>th<\/sup> of November 2024<\/td><\/tr><tr><td><\/td><\/tr><\/tbody><\/table><\/figure>\n<\/div><\/div>\n\n\n\n<div class=\"wp-block-file\"><a href=\"https:\/\/conferences.ulbsibiu.ro\/hstapa\/wp-content\/uploads\/Registration-Form-HSTAPA-2024.docx\">Registration-Form-HSTAPA-2024<\/a><a href=\"https:\/\/conferences.ulbsibiu.ro\/hstapa\/wp-content\/uploads\/Registration-Form-HSTAPA-2024.docx\" class=\"wp-block-file__button\" download>Download<\/a><\/div>\n\n\n\n<div class=\"wp-block-media-text is-stacked-on-mobile\" style=\"grid-template-columns:19% auto\"><figure class=\"wp-block-media-text__media\"><img loading=\"lazy\" width=\"122\" height=\"113\" src=\"https:\/\/conferences.ulbsibiu.ro\/hstapa\/wp-content\/uploads\/fundatie-logo-2.png\" alt=\"\" class=\"wp-image-357 size-full\"\/><\/figure><div class=\"wp-block-media-text__content\">\n<div class=\"wp-block-group\"><div class=\"wp-block-group__inner-container\">\n<ul class=\"has-text-color\" style=\"color:#2100a3;font-size:19px\"><li><strong>FEE<\/strong><\/li><li>200 Ron or 40 Euro\/person on the Registration Form\/face-to-face (includes conference`s materials, publication in the conference proceedings,  lunch, coffee break); 100 Ron or 20 Euro\/person on the Registration Form\/online.&nbsp; &nbsp;<\/li><li>If the submission according to the Registration Form has more than one participant (for example two or more authors submitting one article), the fee must be paid by each of them.<\/li><li>The payment is made to the <strong>&#8220;Academia Ardelean\u0103&#8221; Foundation, Lucian Blaga University of Sibiu, 10 Victoriei Blvd, 550024, Sibiu<\/strong><\/li><li>Fiscal Code: &nbsp;25691904<\/li><li>Beneficiary: <strong>&#8220;Academia Ardelean\u0103&#8221; Foundation<\/strong><\/li><li>IBAN: RO92RNCB0227110136530001 <strong>RON<\/strong>,    Banca Comercial\u0103 Rom\u00e2n\u0103                                                                                     IBAN: RO65RNCB0227110136530002 <strong>EURO<\/strong>, Banca Comercial\u0103 Rom\u00e2n\u0103 <\/li><li>In the transfer form will be mentioned: <strong>NAME and SURNAME of the participant <\/strong>and<strong> <\/strong>the text: &#8220;<strong>Conference Fee HSTAPA 2024<\/strong>&#8220;<\/li><li>Deadline: <strong>25<sup>th<\/sup> of September 2024<\/strong><\/li><\/ul>\n\n\n\n<p><\/p>\n<\/div><\/div>\n<\/div><\/div>\n\n\n\n<figure class=\"wp-block-image size-large is-resized is-style-rounded\"><img loading=\"lazy\" src=\"https:\/\/conferences.ulbsibiu.ro\/hstapa\/wp-content\/uploads\/image-1.png\" alt=\"\" class=\"wp-image-338\" width=\"203\" height=\"90\"\/><figcaption>Contact: Ph.D. Nicoleta Annemarie Munteanu<br>Phone:&nbsp;+40771589870<br>E-mail:&nbsp;&nbsp;<a href=\"mailto:nicoleta.munteanu@ulbsibiu.ro\">nicoleta.munteanu@ulbsibiu.ro<\/a><\/figcaption><\/figure>\n","protected":false},"excerpt":{"rendered":"<p>Registration deadline: 15th of October 2024 Submission of the Registration Form: 15th of October 2024 (conf.hstapa@ulbsibiu.ro)Fee payment: 15th of October 2024 Confirmation of the Registration Form: 21st of October 2024 Submission of the workpapers: 12th of November 2024<\/p>\n","protected":false},"author":1,"featured_media":0,"parent":250,"menu_order":3,"comment_status":"closed","ping_status":"closed","template":"","meta":[],"_links":{"self":[{"href":"https:\/\/conferences.ulbsibiu.ro\/hstapa\/wp-json\/wp\/v2\/pages\/256"}],"collection":[{"href":"https:\/\/conferences.ulbsibiu.ro\/hstapa\/wp-json\/wp\/v2\/pages"}],"about":[{"href":"https:\/\/conferences.ulbsibiu.ro\/hstapa\/wp-json\/wp\/v2\/types\/page"}],"author":[{"embeddable":true,"href":"https:\/\/conferences.ulbsibiu.ro\/hstapa\/wp-json\/wp\/v2\/users\/1"}],"replies":[{"embeddable":true,"href":"https:\/\/conferences.ulbsibiu.ro\/hstapa\/wp-json\/wp\/v2\/comments?post=256"}],"version-history":[{"count":49,"href":"https:\/\/conferences.ulbsibiu.ro\/hstapa\/wp-json\/wp\/v2\/pages\/256\/revisions"}],"predecessor-version":[{"id":2018,"href":"https:\/\/conferences.ulbsibiu.ro\/hstapa\/wp-json\/wp\/v2\/pages\/256\/revisions\/2018"}],"up":[{"embeddable":true,"href":"https:\/\/conferences.ulbsibiu.ro\/hstapa\/wp-json\/wp\/v2\/pages\/250"}],"wp:attachment":[{"href":"https:\/\/conferences.ulbsibiu.ro\/hstapa\/wp-json\/wp\/v2\/media?parent=256"}],"curies":[{"name":"wp","href":"https:\/\/api.w.org\/{rel}","templated":true}]}}