{"id":38,"date":"2021-05-24T11:04:14","date_gmt":"2021-05-24T11:04:14","guid":{"rendered":"https:\/\/conferences.ulbsibiu.ro\/inec\/?page_id=38"},"modified":"2025-07-06T06:00:03","modified_gmt":"2025-07-06T06:00:03","slug":"despre","status":"publish","type":"page","link":"https:\/\/conferences.ulbsibiu.ro\/inec\/ro\/despre\/","title":{"rendered":"Despre"},"content":{"rendered":"\n<p>Conferin\u021ba Interna\u0163ional\u0103 de Educa\u0163ie Nonformal\u0103 \u2013 INEC 2025, aflat\u0103 la a zecea edi\u021bie \u0219i la al doisprezecelea an de existen\u021b\u0103, va continua tradi\u021bia \u0219i va integra activit\u0103\u021bi profesionale, culturale \u0219i de socializare, deosebite. \u00cen anul 2013 a fost organizat la Universitatea \u201eLucian Blaga\u201d din Sibiu primul eveniment \u0219tiin\u021bific care aborda aceast\u0103 form\u0103 a educa\u021biei, dup\u0103 ini\u021biativa \u0219i angajamentul luate de c\u00e2\u021biva profesori care au participat la o manifestare<br>profesional\u0103, organizat\u0103 la Predeal.<br>Conferin\u021ba Interna\u0163ional\u0103 de Educa\u0163ie Nonformal\u0103, edi\u021bia 2025 cuprinde o sesiune scurt\u0103 de prezent\u0103ri \u0219tiin\u021bifice \u00een plen \u0219i workshop-uri, care abordeaz\u0103, \u00een principal, problematica educa\u0163iei nonformale, precum \u015fi alte aspecte specifice procesului educa\u0163ional. Vor exista dou\u0103 serii de workshop-uri, organizate tematic, pe urm\u0103toarele dou\u0103 teme: \u201eExemplific\u0103ri de resurse curriculare flexibile\u201d \u0219i \u201eCartografierea nevoilor de dezvoltare profesional\u0103 \u0219i mentoratul \u00een educa\u021bie\u201d.<br>Seria de workshop-uri circumscrise temei \u201eCartografierea nevoilor de dezvoltare profesional\u0103 \u0219i mentoratul \u00een educa\u021bie\u201d, va fi coordonat\u0103 de o parte dintre membrii Re\u021belei tematice \u201eMentorat \u00een educa\u021bie \u0219i formare\u201d, constituit\u0103 \u00een cadrul Asocia\u021biei Rom\u00e2ne de cercetare \u00een Educa\u021bie (ARCE), re\u021bea coordonat\u0103 de Prof. univ. dr. Daniel Mara, de la Universitatea \u201eLucian Blaga\u201d din Sibiu.<br>Organizatorii \u0219i participan\u021bii \u00ee\u0219i propun, \u0219i \u00een aceast\u0103 edi\u021bie, ca obiectivele principale ale conferin\u021bei, s\u0103 fie realizarea de schimburi de idei, de opinii profesionale \u0219i de bune practici \u00een educa\u021bia nonformal\u0103, precum \u0219i dezvoltarea competen\u0163elor agen\u0163ilor educa\u0163ionali participan\u0163i de a proiecta \u0219i desf\u0103\u015fura activit\u0103\u021bi educative cu impact pozitiv la nivelul educabililor de diferite v\u00e2rste. De asemenea, se va analiza rolul instrumental al mentoratului din educa\u021bie \u00een eficientizarea tuturor acestor activit\u0103\u021bi.<br>\u0218i \u00een aceast\u0103 edi\u021bie, ne vom bucura de prezen\u0163a speciali\u015ftilor din mai multe \u0163\u0103ri europene. Ace\u0219tia vor contribui la crearea unor contexte de comunicare intercultural\u0103 interactiv\u0103, complex\u0103 \u015fi creativ\u0103, precum \u0219i a unui cadru curricular modern de desf\u0103\u015furare a conferin\u0163ei. \u00centruc\u00e2t ac\u021biunile de educa\u021bie nonformal\u0103 sunt proiectate \u0219i implementate cu scopul de a r\u0103spunde intereselor, aptitudinilor \u0219i dorin\u021belor participan\u021bilor, se recomand\u0103 ca profesorii \u0219i speciali\u0219tii implica\u021bi \u00een activit\u0103\u021bi de educa\u021bie nonformal\u0103 s\u0103 de\u021bin\u0103 competen\u021be psihopedagogice specifice. Complementar, este dezirabil s\u0103 se manifeste deschidere, activism, flexibilitate cognitiv\u0103 \u0219i comunica\u021bional\u0103, adaptabilitate, creativitate, ata\u0219ament fa\u021b\u0103 de problematicile educa\u021bionale, precum \u0219i entuziasm substan\u021bial. Multe dintre aceste \u021binte pot fi atinse \u00een cadrul celor dou\u0103 serii de workshop-uri desf\u0103\u0219urate sub egida conferin\u021bei interna\u021bionale de educa\u021bie nonformal\u0103, dar \u0219i \u00een diferite contexte de comunicare profesional\u0103 \u0219i de socializare.<br>Conferin\u021ba Interna\u0163ional\u0103 de Educa\u0163ie Nonformal\u0103 \u2013 INEC 2025 se va desf\u0103\u0219ura \u00een parteneriat \u0219i cu Liceul Bor\u0219a, jude\u021bul Maramure\u0219, dorin\u021ba comun\u0103 a echipei de organizare fiind aceea de creare a unui spa\u021biu al reflec\u021biei individuale \u0219i colective, al interac\u021biunilor benefice, constructive \u0219i pl\u0103cute, al comunic\u0103rii profesionale \u0219i sociale eficiente, al interinfluen\u021b\u0103rilor reciproc benefice, al prieteniei, al respectului \u0219i al \u00eencrederii \u00een cel\u0103lalt. Participan\u021bii din \u021bar\u0103 \u0219i din str\u0103in\u0103tate se raporteaz\u0103 la acest eveniment cu o deschidere, o afinitate \u0219i o bucurie aparte, alimentate de o energie special\u0103, asigurat\u0103 de optimismul pedagogic, care reprezint\u0103 premisa model\u0103rii de competen\u021be generatoare de cre\u0219teri calitative, \u00eembun\u0103t\u0103\u021biri, inova\u021bie \u0219i<br>progres \u00een educa\u021bie.<\/p>\n","protected":false},"excerpt":{"rendered":"<p>Conferin\u021ba Interna\u0163ional\u0103 de Educa\u0163ie Nonformal\u0103 \u2013 INEC 2025, aflat\u0103 la a zecea edi\u021bie \u0219i la al doisprezecelea an de existen\u021b\u0103, va continua tradi\u021bia \u0219i va integra activit\u0103\u021bi profesionale, culturale \u0219i de socializare, deosebite. \u00cen anul 2013 a fost organizat la Universitatea \u201eLucian Blaga\u201d din Sibiu primul eveniment \u0219tiin\u021bific care aborda aceast\u0103 form\u0103 a educa\u021biei, dup\u0103 [&hellip;]<\/p>\n","protected":false},"author":1,"featured_media":0,"parent":0,"menu_order":0,"comment_status":"closed","ping_status":"closed","template":"","meta":[],"_links":{"self":[{"href":"https:\/\/conferences.ulbsibiu.ro\/inec\/wp-json\/wp\/v2\/pages\/38"}],"collection":[{"href":"https:\/\/conferences.ulbsibiu.ro\/inec\/wp-json\/wp\/v2\/pages"}],"about":[{"href":"https:\/\/conferences.ulbsibiu.ro\/inec\/wp-json\/wp\/v2\/types\/page"}],"author":[{"embeddable":true,"href":"https:\/\/conferences.ulbsibiu.ro\/inec\/wp-json\/wp\/v2\/users\/1"}],"replies":[{"embeddable":true,"href":"https:\/\/conferences.ulbsibiu.ro\/inec\/wp-json\/wp\/v2\/comments?post=38"}],"version-history":[{"count":12,"href":"https:\/\/conferences.ulbsibiu.ro\/inec\/wp-json\/wp\/v2\/pages\/38\/revisions"}],"predecessor-version":[{"id":931,"href":"https:\/\/conferences.ulbsibiu.ro\/inec\/wp-json\/wp\/v2\/pages\/38\/revisions\/931"}],"wp:attachment":[{"href":"https:\/\/conferences.ulbsibiu.ro\/inec\/wp-json\/wp\/v2\/media?parent=38"}],"curies":[{"name":"wp","href":"https:\/\/api.w.org\/{rel}","templated":true}]}}