{"id":643,"date":"2024-06-21T15:47:51","date_gmt":"2024-06-21T15:47:51","guid":{"rendered":"https:\/\/conferences.ulbsibiu.ro\/inec\/?page_id=643"},"modified":"2024-06-21T15:47:51","modified_gmt":"2024-06-21T15:47:51","slug":"home-2023","status":"publish","type":"page","link":"https:\/\/conferences.ulbsibiu.ro\/inec\/ro\/home-2023\/","title":{"rendered":"Home 2023"},"content":{"rendered":"\n<div class=\"wp-block-getwid-media-text-slider alignfull eliminare-header wp-block-getwid-media-text-slider--current-slide-1 has-arrows-none has-dots-outside\" data-labels=\"[&quot;Slide 1&quot;]\" data-animation=\"fadeIn\" data-duration=\"1500ms\" data-delay=\"0ms\"><div class=\"wp-block-getwid-media-text-slider__slides-wrapper\"><div class=\"wp-block-getwid-media-text-slider__content\" data-slide-autoplay=\"true\" data-slide-pause-on-hover=\"false\" data-slide-autoplay-speed=\"5000\" data-slide-speed=\"1000\" data-infinite=\"true\">\n<div style=\"min-height:640px\" class=\"wp-block-getwid-media-text-slider-slide wp-block-getwid-media-text-slider-slide__content-wrapper slide-1\"><div style=\"min-height:640px\" class=\"wp-block-getwid-media-text-slider-slide__content\">\n<div class=\"wp-block-getwid-media-text-slider-slide-content\"><figure class=\"wp-block-getwid-media-text-slider-slide-content__media\"><img loading=\"lazy\" width=\"1920\" height=\"640\" src=\"https:\/\/conferences.ulbsibiu.ro\/inec\/wp-content\/uploads\/slider-primavara.jpg\" alt=\"\" class=\"wp-block-getwid-media-text-slider-slide-content__image wp-image-57\" srcset=\"https:\/\/conferences.ulbsibiu.ro\/inec\/wp-content\/uploads\/slider-primavara.jpg 1920w, https:\/\/conferences.ulbsibiu.ro\/inec\/wp-content\/uploads\/slider-primavara-300x100.jpg 300w, https:\/\/conferences.ulbsibiu.ro\/inec\/wp-content\/uploads\/slider-primavara-1024x341.jpg 1024w, https:\/\/conferences.ulbsibiu.ro\/inec\/wp-content\/uploads\/slider-primavara-768x256.jpg 768w, https:\/\/conferences.ulbsibiu.ro\/inec\/wp-content\/uploads\/slider-primavara-1536x512.jpg 1536w, https:\/\/conferences.ulbsibiu.ro\/inec\/wp-content\/uploads\/slider-primavara-1200x400.jpg 1200w\" sizes=\"(max-width: 1920px) 100vw, 1920px\" \/><div class=\"wp-block-getwid-media-text-slider-slide-content__media-overlay\" style=\"opacity:0.3\"><\/div><\/figure><div class=\"wp-block-getwid-media-text-slider-slide-content__content\"><div class=\"wp-block-getwid-media-text-slider-slide-content__content-wrapper\">\n<h2 class=\"has-text-align-center\">International Conference on Non-Formal Education<\/h2>\n\n\n\n<p class=\"has-text-align-center\"><strong>INEC 2023 edition<\/strong><\/p>\n\n\n\n<p class=\"has-text-align-center\"><strong>T\u00e2rgu Mure\u0219, 29 September \u2013 1st October 2023<\/strong><\/p>\n<\/div><\/div><\/div>\n<\/div><\/div>\n<\/div><\/div><\/div>\n\n\n\n<div id=\"block-c14d1560-7883-4850-85bb-ccb3bfd1a046\" class=\"wp-block-image\"><figure class=\"aligncenter size-large\"><img loading=\"lazy\" width=\"724\" height=\"1024\" src=\"https:\/\/conferences.ulbsibiu.ro\/inec\/wp-content\/uploads\/Afis_INEC-01_final-724x1024.jpg\" alt=\"\" class=\"wp-image-544\" srcset=\"https:\/\/conferences.ulbsibiu.ro\/inec\/wp-content\/uploads\/Afis_INEC-01_final-724x1024.jpg 724w, https:\/\/conferences.ulbsibiu.ro\/inec\/wp-content\/uploads\/Afis_INEC-01_final-212x300.jpg 212w, https:\/\/conferences.ulbsibiu.ro\/inec\/wp-content\/uploads\/Afis_INEC-01_final-768x1086.jpg 768w, https:\/\/conferences.ulbsibiu.ro\/inec\/wp-content\/uploads\/Afis_INEC-01_final-1086x1536.jpg 1086w, https:\/\/conferences.ulbsibiu.ro\/inec\/wp-content\/uploads\/Afis_INEC-01_final-1200x1697.jpg 1200w, https:\/\/conferences.ulbsibiu.ro\/inec\/wp-content\/uploads\/Afis_INEC-01_final.jpg 1240w\" sizes=\"(max-width: 724px) 100vw, 724px\" \/><\/figure><\/div>\n\n\n\n<h2 class=\"has-text-align-center\" id=\"block-84e79f5e-93e5-484e-8e50-f5c9bc7c8096\">Conference <strong>Program<\/strong><\/h2>\n\n\n\n<p id=\"block-2ca08f24-5747-45fa-9ccc-063aad4d5eec\"><strong><br>Friday, 29 September 2023<\/strong><\/p>\n\n\n\n<ul id=\"block-42543222-662a-48a6-ad71-c4fb14dde24f\"><li>19:00 &#8211; 21:00 ANNIVERSARY \u2013 90 YEARS OF PEDAGOGICAL EDUCATION IN T\u00c2RGU MURE\u0218 and FOLK MUSIC SHOW <em>&#8211; Small Concert Hall of the Palace of Culture, T\u00e2rgu Mure\u0219<\/em><\/li><\/ul>\n\n\n\n<p id=\"block-00dacf2b-c81d-489e-be98-2d10021991f4\"><strong>Saturday, 30 September 2023<\/strong><\/p>\n\n\n\n<ul id=\"block-8a11c277-803a-43e2-8cc2-3693317596ed\"><li>9:00 &#8211; 9:30 REGISTRATION &#8211; <em>Continental Forum Hotel Conference Room<\/em><\/li><li>9:30 &#8211; 10:00 WELCOME SESSION<ul><li>DORIN CRISTIAN LOBON\u021a, <em>\u201cMihai Eminescu\u201d National Pedagogic College, T\u00e2rgu Mure\u0219<\/em><\/li><li>REPRESENTATIVE<em> of Mure\u0219 County School Inspectorate<\/em><\/li><li>REPRESENTATIVE<em> of T\u00e2rgu Mure\u0219 City Hall<\/em><\/li><li>CRISTINA PU\u0218CA\u0218, <em>Corporate Executive Director, Commercial Bank of Romania \u2013 BCR<\/em><\/li><li>LILIANA-DANIELA CHIVULESCU, <em>Secondary school teacher, School no. 2 Picior de Munte, D\u00e2mbovi\u021ba County<\/em><\/li><\/ul><\/li><li>10:00 &#8211; 13:00 KEYNOTE SPEAKERS &#8211; <em>Continental Forum Hotel Conference Room<\/em><ul><li>10:00 &#8211; 10:15 PAOLO FRIGNANI, Ph.D., Academy of Sciences of Ferrara, Italy &#8211; <em>Role of Corporative Universities as a model of non-formal training<\/em><\/li><li>10:15 &#8211; 10:30 MU\u0218ATA BOCO\u0218, Ph.D., \u201cBabe\u0219-Bolyai\u201d University, Cluj-Napoca, Romania, DANIEL MARA, Ph.D., \u201cLucian Blaga\u201d University of Sibiu, Romania &#8211; <em>Implications of mentoring in non-formal education activities<\/em><\/li><li>10:30 &#8211; 10:45 GIOVANNI GANINO, Ph.D., LOREDANA LA VECCHIA, Ph.D., TAMARA ZAPPATERRA, Ph.D., University of Ferrara, Italy &#8211; Between formal and nonformal: creative practices, digital storytelling, media education. Storytelling through multimedia in secondary school<\/li><li>10:45 &#8211; 11:00 ISTV\u00c1N ZSIGMOND, Ph.D., K\u00e1roli G\u00e1sp\u00e1r University of the Reformed Church in Hungary, Hungary &#8211; Developing flipped methods for teaching<\/li><\/ul><\/li><li>11:00 &#8211; 11:30 COFFEE BREAK<\/li><li>11:30 &#8211; 13:00 KEYNOTE SPEAKERS<ul><li>11:30 &#8211; 11:45 DONATELLA FANTOZZI, Ph.D., University of Pisa, Italy &#8211; Gianni Rodari&#8217;s grammar of imagination for teaching reading and writing to pupils with DSA<\/li><li>11:45 &#8211; 12:00 FABIO BOCCI, Ph.D., Roma Tre University, Italy &#8211; Educating for creativity in nonformal to creatively transform formal education<\/li><li>12:00 &#8211; 12:15 MOIRA SANNIPOLI, Ph.D., University of Perugia, Italy &#8211; Beyond educational poverty supporting families in special minutes<\/li><li>12:15 &#8211; 12:30 GIORGIO CRESCENZA, Ph.D., University of Tuscia, Italy &#8211; The educating community as a counter to the culture of hate. Pedagogical reflections on educational practices in the formal and nonformal<\/li><li>12:30 &#8211; 12:45 GIOVANNI GANINO, Ph.D., LOREDANA LA VECCHIA, Ph.D., TAMARA ZAPPATERRA, Ph.D., University of Ferrara, Italy &#8211; <em>New digital media professions straddling formal and nonformal environments: the Master&#8217;s Degree in Communication, Education, and Digital Citizenship<\/em><\/li><li>12:45 &#8211; 13:00 OVIDIU B\u00c2RSAN, Ph.D., Romanian Orthodox Parish \u201eSf\u00e2nta Ana\u201d T\u00e2rgu Mure\u0219, Romania &#8211; <em>Doing to be<\/em><\/li><\/ul><\/li><li>13:00 &#8211; 15:00 LUNCH<\/li><li>15:00 &#8211; 17:00 WORKSHOPS <em>&#8211; &#8220;Mihai Eminescu&#8221; National Pedagogic College<\/em><ul><li>LIANA REGINA IUNESCH &#8211; <em>Experiential pedagogy &#8211; procedural learning<\/em><\/li><li>JOHANNA Z\u00d6LLNER, FRIEDERIKE REUTER &#8211; <em>Procedural learning of mathematics with forest materials<\/em><\/li><li>ROBERT PF\u00dcTZNER &#8211; <em>Developing team spirit with Lego pieces<\/em><\/li><li>EVELINE CIOFLEC &#8211; <em>Practical approaches to critical thinking<\/em><\/li><li>VIOLETA-SIMONA BUCUR &#8211; <em>Visible thinking routines &#8211; Making sense of learning<\/em><\/li><li>CIPRIAN ITTU, ADINA RO\u0218CA &#8211; <em>Life lab \u2013 Education for life<\/em><\/li><\/ul><\/li><li>17:00 &#8211; 18:00 WORKSHOPS CONCLUSIONS<\/li><li>19:00 &#8211; 22:00 DINNER<\/li><\/ul>\n\n\n\n<p id=\"block-e419355d-50df-443b-8734-71ba9e1f4343\"><strong>Sunday, 1st October 2023<\/strong><\/p>\n\n\n\n<ul id=\"block-7fd77113-3775-4bfb-972d-9ed98d27b469\"><li>10:00 &#8211; 12:00 WORKSHOPS &#8211; <em>&#8220;Mihai Eminescu&#8221; National Pedagogic College<\/em><ul><li>ALINA GEORGETA MAG &#8211; <em>How is your voice heard (or not) in the community? A workshop with humor, charisma and other type of peer-learning exercises<\/em><\/li><li>ROXANA-MARIA BLIDARU, LILIANA-DANIELA CHIVULESCU &#8211; <em>Experiential learning with play, literacy and inspiration<\/em><\/li><li>ALINA GEANINA IONESCU<em> &#8211; Creative art workshop<\/em><\/li><li>ANNE HERMANN &#8211; <em>Experiential learning through creating a podcast<\/em><\/li><li>ALINA MOLDOVAN &#8211; <em>Nonverbal communication through theatre and play<\/em><\/li><li>ALIN FLORIN DANCIU, CIPRIAN ITTU, ADINA RO\u0218CA &#8211; <em>Digitaliada platform \u2013 Supporting digital education<\/em><\/li><\/ul><\/li><li>12:00 &#8211; 12:30 WORKSHOPS CONCLUSIONS<\/li><li>12:30 &#8211; 13:00 CLOSING REMARKS<\/li><\/ul>\n\n\n\n<p><\/p>\n\n\n\n<h2 class=\"has-text-align-center\" id=\"block-84e79f5e-93e5-484e-8e50-f5c9bc7c8096\">Scientific Committee<\/h2>\n\n\n\n<ul id=\"block-1e3c1610-681b-4c66-8148-46a9e5bd4a5f\"><li><strong>Olaya \u00c1LVAREZ GARC\u00cdA<\/strong>, Ph.D., University of the Balearic Islands, Spain<\/li><li><strong>Wanda BARANOWSKA<\/strong>, Ph.D., University of Lodz, Poland<\/li><li><strong>Karla BARTH<\/strong>, Ph.D., University of Oradea, Romania<\/li><li><strong>Fabio BOCCI<\/strong>, Ph.D., University Roma Tre, Italy<\/li><li><strong>Mu\u0219ata BOCO\u0218<\/strong>, Ph.D., Babe\u0219-Bolyai University, Cluj-Napoca, Romania<\/li><li><strong>Marco CATARCI<\/strong>, Ph.D., University Roma Tre, Italy<\/li><li><a><strong>Andr\u00e9 EPP<\/strong><\/a>, University of Education Karlsruhe, Germany<\/li><li><strong>Donatella FANTOZZI<\/strong>, Ph.D., University of Pisa, Italy<\/li><li><strong>Massimiliano FIORUCCI<\/strong>, Ph.D., University Roma Tre, Italy<\/li><li><strong>Romi\u0163\u0103 IUCU<\/strong>, Ph.D., University of Bucharest, Romania<\/li><li><strong>Susanne JONSSON<\/strong>, Inland Norway University of Applied Sciences, Norway<\/li><li><strong>Daniel MARA<\/strong>, Ph.D., \u201cLucian Blaga\u201d University of Sibiu, Romania<\/li><li><strong>Merc\u00e8 MOREY L\u00d3PEZ<\/strong>, Ph.D., University of the Balearic Islands, Spain<\/li><li><strong>Dorin OPRI\u0218<\/strong>, Ph.D., \u201c1 Decembrie 1918&#8243; University, Alba Iulia, Romania<\/li><li><strong>Georgeta P\u00c2NI\u0218OAR\u0102<\/strong>, Ph.D., University of Bucharest, Romania<\/li><li><strong>Dana RAD<\/strong>, Ph.D., \u201cAurel Vlaicu\u201d University of Arad, Romania<\/li><li><strong>Sorin RADU<\/strong>, Ph.D., \u201cLucian Blaga\u201d University of Sibiu, Romania<\/li><li><strong>Alina ROMAN<\/strong>, Ph.D., \u201cAurel Vlaicu\u201d University of Arad, Romania<\/li><li><strong>Liana T\u0102U\u0218AN<\/strong>, Ph.D., Technical University of Cluj-Napoca, Romania<\/li><li><strong>Margareta M. THOMSON<\/strong>, Ph.D., North Carolina State University, Raleigh, USA<\/li><li><strong>Ioana TODOR<\/strong>, Ph.D., \u201c1 Decembrie 1918&#8243; University, Alba Iulia, Romania<\/li><li><strong>Raluca SASSU<\/strong>, Ph.D., \u201cLucian Blaga\u201d University of Sibiu, Romania<\/li><li><strong>Simona SAVA<\/strong>, PhD, West University of Timi\u015foara, Romania<\/li><li><strong>Rosa Eva VALLE<\/strong>, Ph.D., University of Leon, Spain<\/li><li><strong>Simona VELEA<\/strong>, Ph.D., National University for Political Studies and Public Administration, Bucharest, Romania<\/li><li><strong>Tamara ZAPPATERRA<\/strong>, Ph.D., University of Ferrara, Italy<\/li><\/ul>\n\n\n\n<h2 class=\"has-text-align-center\" id=\"block-84e79f5e-93e5-484e-8e50-f5c9bc7c8096\">Organizing Committee<\/h2>\n\n\n\n<p id=\"block-6b7846c6-6bf9-4099-a851-66c3e570bb2c\"><strong>MAIN ORGANIZERS<\/strong><\/p>\n\n\n\n<ol id=\"block-54ae6dec-b394-4639-8ea4-c51425ddb5dd\"><li><strong>Daniel MARA<\/strong>, Professor Ph.D., \u201cLucian Blaga\u201d University of Sibiu, Romania<\/li><li><strong>Mu\u0219ata BOCO\u0218<\/strong>, Professor Ph.D., \u201cBabe\u0219-Bolyai\u201d University, Cluj-Napoca, Romania<\/li><li><strong>Dorin Cristian LOBON\u021a<\/strong>, Ph.D. student \u201cBabe\u0219-Bolyai\u201d University, Cluj-Napoca, High-school teacher, \u201cMihai&nbsp;Eminescu\u201d National Pedagogic College, T\u00e2rgu Mure\u0219, Romania<\/li><li><strong>Liliana-Daniela CHIVULESCU<\/strong>, \u201c\u0218tefan \u0219i Chivulescu\u201d &#8211; Professional Civil Society of Psychology, Secondary school teacher, School no. 2 Picior de Munte, Romania<\/li><li><strong>Ioan Daniel HUNYADI<\/strong>, Lecturer Ph.D., \u201cLucian Blaga\u201d University of Sibiu, Romania<\/li><li><strong>Liana Regina IUNESCH<\/strong>, Associate professor, Ph.D., \u201cLucian Blaga\u201d University of Sibiu, Romania<\/li><\/ol>\n\n\n\n<hr class=\"wp-block-separator\" id=\"block-9444f24a-0027-4ffe-bac1-1535e0179652\"\/>\n\n\n\n<p id=\"block-0e67a9e6-2101-4f38-a787-2f31c4c53fbc\"><strong>MEMBERS<\/strong><\/p>\n\n\n\n<ul id=\"block-b7ed1986-9611-4d43-a6c7-826903019e34\"><li><strong>Alin Florin DANCIU<\/strong>, Secondary school teacher, S\u00e2ncraiu de Mure\u0219 Secondary School, Romania<\/li><li><strong>Carmen-Sonia DU\u0218E<\/strong>,&nbsp;Professor Ph.D., \u201cLucian Blaga\u201d University of Sibiu, Romania<\/li><li><strong>Alina Geanina IONESCU<\/strong>, Associate professor, Ph.D., \u201cLucian Blaga\u201d University of Sibiu, Romania<\/li><li><strong>Alina MAG<\/strong>, Lecturer Ph.D., \u201cLucian Blaga\u201d University of Sibiu, Romania<\/li><li><strong>Elena-Lucia MARA<\/strong>, Professor Ph.D., \u201cLucian Blaga\u201d University of Sibiu, Romania<\/li><li><strong>Veronica-Oana IRIMIA<\/strong>, Ph.D., \u201cBabe\u0219-Bolyai\u201d University, Cluj-Napoca, high-school teacher, \u201cMihai Eminescu\u201d National Pedagogic College, T\u00e2rgu Mure\u0219, Romania<\/li><li><strong>Mih\u00e1ly-Marcel VERE\u0218<\/strong>, Secondary school teacher, S\u00e2ncraiu de Mure\u0219 Secondary School, Romania<\/li><li><strong>Ana-Maria PURCAR<\/strong>, Ph.D. student \u201cBabe\u0219-Bolyai\u201d University, Cluj-Napoca, primary school teacher, &#8220;Lucian Blaga&#8221; High-School, Cluj-Napoca, Romania<\/li><\/ul>\n","protected":false},"excerpt":{"rendered":"<p>Conference Program Friday, 29 September 2023 19:00 &#8211; 21:00 ANNIVERSARY \u2013 90 YEARS OF PEDAGOGICAL EDUCATION IN T\u00c2RGU MURE\u0218 and FOLK MUSIC SHOW &#8211; Small Concert Hall of the Palace of Culture, T\u00e2rgu Mure\u0219 Saturday, 30 September 2023 9:00 &#8211; 9:30 REGISTRATION &#8211; Continental Forum Hotel Conference Room 9:30 &#8211; 10:00 WELCOME SESSION DORIN CRISTIAN [&hellip;]<\/p>\n","protected":false},"author":2,"featured_media":0,"parent":0,"menu_order":0,"comment_status":"closed","ping_status":"closed","template":"","meta":[],"_links":{"self":[{"href":"https:\/\/conferences.ulbsibiu.ro\/inec\/wp-json\/wp\/v2\/pages\/643"}],"collection":[{"href":"https:\/\/conferences.ulbsibiu.ro\/inec\/wp-json\/wp\/v2\/pages"}],"about":[{"href":"https:\/\/conferences.ulbsibiu.ro\/inec\/wp-json\/wp\/v2\/types\/page"}],"author":[{"embeddable":true,"href":"https:\/\/conferences.ulbsibiu.ro\/inec\/wp-json\/wp\/v2\/users\/2"}],"replies":[{"embeddable":true,"href":"https:\/\/conferences.ulbsibiu.ro\/inec\/wp-json\/wp\/v2\/comments?post=643"}],"version-history":[{"count":1,"href":"https:\/\/conferences.ulbsibiu.ro\/inec\/wp-json\/wp\/v2\/pages\/643\/revisions"}],"predecessor-version":[{"id":644,"href":"https:\/\/conferences.ulbsibiu.ro\/inec\/wp-json\/wp\/v2\/pages\/643\/revisions\/644"}],"wp:attachment":[{"href":"https:\/\/conferences.ulbsibiu.ro\/inec\/wp-json\/wp\/v2\/media?parent=643"}],"curies":[{"name":"wp","href":"https:\/\/api.w.org\/{rel}","templated":true}]}}