{"id":854,"date":"2025-06-29T15:06:08","date_gmt":"2025-06-29T15:06:08","guid":{"rendered":"https:\/\/conferences.ulbsibiu.ro\/inec\/?page_id=854"},"modified":"2025-06-29T15:12:23","modified_gmt":"2025-06-29T15:12:23","slug":"acasa-2024","status":"publish","type":"page","link":"https:\/\/conferences.ulbsibiu.ro\/inec\/ro\/acasa-2024\/","title":{"rendered":"Acasa 2024"},"content":{"rendered":"\n<div class=\"wp-block-getwid-media-text-slider alignfull eliminare-header wp-block-getwid-media-text-slider--current-slide-1 has-arrows-none has-dots-outside\" data-labels=\"[&quot;Slide 1&quot;]\" data-animation=\"fadeIn\" data-duration=\"1500ms\" data-delay=\"0ms\"><div class=\"wp-block-getwid-media-text-slider__slides-wrapper\"><div class=\"wp-block-getwid-media-text-slider__content\" data-slide-autoplay=\"true\" data-slide-pause-on-hover=\"false\" data-slide-autoplay-speed=\"5000\" data-slide-speed=\"1000\" data-infinite=\"true\">\n<div style=\"min-height:640px\" class=\"wp-block-getwid-media-text-slider-slide wp-block-getwid-media-text-slider-slide__content-wrapper slide-1\"><div style=\"min-height:640px\" class=\"wp-block-getwid-media-text-slider-slide__content\">\n<div class=\"wp-block-getwid-media-text-slider-slide-content\"><figure class=\"wp-block-getwid-media-text-slider-slide-content__media\"><img loading=\"lazy\" width=\"1920\" height=\"640\" src=\"https:\/\/conferences.ulbsibiu.ro\/inec\/wp-content\/uploads\/slider-toamna-1.jpg\" alt=\"\" class=\"wp-block-getwid-media-text-slider-slide-content__image wp-image-58\" srcset=\"https:\/\/conferences.ulbsibiu.ro\/inec\/wp-content\/uploads\/slider-toamna-1.jpg 1920w, https:\/\/conferences.ulbsibiu.ro\/inec\/wp-content\/uploads\/slider-toamna-1-300x100.jpg 300w, https:\/\/conferences.ulbsibiu.ro\/inec\/wp-content\/uploads\/slider-toamna-1-1024x341.jpg 1024w, https:\/\/conferences.ulbsibiu.ro\/inec\/wp-content\/uploads\/slider-toamna-1-768x256.jpg 768w, https:\/\/conferences.ulbsibiu.ro\/inec\/wp-content\/uploads\/slider-toamna-1-1536x512.jpg 1536w, https:\/\/conferences.ulbsibiu.ro\/inec\/wp-content\/uploads\/slider-toamna-1-1200x400.jpg 1200w\" sizes=\"(max-width: 1920px) 100vw, 1920px\" \/><div class=\"wp-block-getwid-media-text-slider-slide-content__media-overlay\" style=\"opacity:0.35\"><\/div><\/figure><div class=\"wp-block-getwid-media-text-slider-slide-content__content\"><div class=\"wp-block-getwid-media-text-slider-slide-content__content-wrapper\">\n<h2 class=\"has-text-align-center\">Conferin\u021ba Interna\u0163ional\u0103 de Educa\u0163ie Nonformal\u0103<\/h2>\n\n\n\n<p class=\"has-text-align-center\"><strong>INEC 202<\/strong>4<\/p>\n\n\n\n<p class=\"has-text-align-center\"><strong>IB\u0102NE\u0218TI P\u0102DURE, 27 \u2013 29 septembrie 2024<\/strong><\/p>\n<\/div><\/div><\/div>\n<\/div><\/div>\n<\/div><\/div><\/div>\n\n\n\n<div class=\"wp-block-image\"><figure class=\"aligncenter size-large\"><img loading=\"lazy\" width=\"724\" height=\"1024\" src=\"https:\/\/conferences.ulbsibiu.ro\/inec\/wp-content\/uploads\/Afis_INEC_2024-01-724x1024.jpg\" alt=\"\" class=\"wp-image-779\" srcset=\"https:\/\/conferences.ulbsibiu.ro\/inec\/wp-content\/uploads\/Afis_INEC_2024-01-724x1024.jpg 724w, https:\/\/conferences.ulbsibiu.ro\/inec\/wp-content\/uploads\/Afis_INEC_2024-01-212x300.jpg 212w, https:\/\/conferences.ulbsibiu.ro\/inec\/wp-content\/uploads\/Afis_INEC_2024-01-768x1086.jpg 768w, https:\/\/conferences.ulbsibiu.ro\/inec\/wp-content\/uploads\/Afis_INEC_2024-01-1086x1536.jpg 1086w, https:\/\/conferences.ulbsibiu.ro\/inec\/wp-content\/uploads\/Afis_INEC_2024-01-1200x1697.jpg 1200w, https:\/\/conferences.ulbsibiu.ro\/inec\/wp-content\/uploads\/Afis_INEC_2024-01.jpg 1240w\" sizes=\"(max-width: 724px) 100vw, 724px\" \/><\/figure><\/div>\n\n\n\n<h2 id=\"block-cecab765-cc52-4e5f-b8af-516a2b8301a4\"><strong>Program<\/strong><\/h2>\n\n\n\n<p id=\"block-edf0bc9e-a87b-4662-b8a3-913f3e03293d\"><strong><strong>Saturday, 28 September 2024<\/strong><\/strong><\/p>\n\n\n\n<ul id=\"block-0e9409bd-4f06-418d-a1b0-ecdb5633a447\"><li>9:00 \u2013 9:30 REGISTRATION<\/li><li>9:30 \u2013 10:00 WELCOME SESSION<\/li><li>10:00 \u2013 11:30 KEYNOTE SPEAKERS<ul><li>10:00 \u2013 10:30 VLAD GOGELESCU, Teach for Romania, Romania \u2013&nbsp;<em>Key Notes on non-formal education in international contexts: perspectives from Mombasa (Kenya), Amsterdam (Netherlands), Timisoara and Hyderabad (India)<\/em><\/li><li>10:30 \u2013 10:50 PAOLO FRIGNANI, Ph.D., Academy of Sciences of Ferrara, Italy \u2013&nbsp;<em>An in-depth analysis of Massive Open Online (MOOCs) as a model for non-formal education<\/em><\/li><li>10:50 \u2013 11:10 MU\u0218ATA BOCO\u0218, Ph.D., \u201cBabe\u0219-Bolyai\u201d University, Cluj-Napoca, Romania, DANIEL MARA, Ph.D., \u201cLucian Blaga\u201d University of Sibiu, Romania \u2013&nbsp;<em>Multidimensional comparative analysis of the concepts of formal education, non-formal education and informal education<\/em><\/li><li>11:10 \u2013 11:30 LOREDANA LA VECCHIA, Ph.D., TAMARA ZAPPATERRA, Ph.D., University of Ferrara, Italy \u2013&nbsp;<em>The role of non-formal education in combating gender-based violence<\/em><\/li><\/ul><\/li><li>11:30 \u2013 12:00 COFFEE BREAK<\/li><li>12:00 \u2013 14:00 KEYNOTE SPEAKERS<ul><li>12:00 \u2013 12:20 DONATELLA FANTOZZI, Ph.D., University of Pisa, Italy \u2013&nbsp;<em>Franco Basaglia and Marco cavallo: intermediate worlds between crimes of peace and educating communities<\/em><\/li><li>12:20 \u2013 12:40 ELENA FALASCHI, Ph.D., University of Pisa, Italy \u2013&nbsp;<em>Families in children\u2019s literature. The transformative potential of vulnerability between mirrors and windows<\/em><\/li><li>12:40 \u2013 13:00 MOIRA SANNIPOLI, Ph.D., University of Perugia, Italy \u2013&nbsp;<em>The Educenter project: third mission and corporate welfare in dialogue<\/em><\/li><li>13:00 \u2013 13:20 GIOVANNI GANINO, Ph.D., University of Ferrara, Italy \u2013&nbsp;<em>Between formal and non-formal digital civic education and media education<\/em><\/li><li>13:20 \u2013 13:40 EZIA LOCANTORE, JACOPO VEN\u00c8 University of Pisa, Italy \u2013&nbsp;<em>Building the Future of Teaching: the Primary Teacher Education degree course at the University of Pisa<\/em><\/li><li>13:40 \u2013 14:00 MARA-GRA\u021aIA DEZMIREAN, Ph.D. Student, MARIA-PAULA BOCO\u0218, Ph.D. Student, University of Agricultural Sciences and Veterinary Medicine Cluj-Napoca, Romania \u2013&nbsp;<em>Educational activities assisted by therapy animals. Own demarches<\/em><\/li><li>14:00 \u2013 14:30&nbsp;MARGARETA M. THOMSON,&nbsp;Ph.D.,&nbsp;North Carolina State University, Raleigh, USA,&nbsp;STEPHANIE NINICH,&nbsp;Ph.D.&nbsp;candidate,&nbsp;North Carolina State University, Raleigh, USA&nbsp;\u2013&nbsp;<em>Sociocultural Differences in Value of Education<\/em><\/li><\/ul><\/li><li>14:30 \u2013 15:00 LUNCH<\/li><li>15:00 \u2013 17:00 WORKSHOPS ON THE ISSUE: EXAMPLES OF FLEXIBLE CURRICULUM RESOURCES<ul><li>LIANA REGINA IUNESCH \u2013&nbsp;<em>Procedural learning through experiential pedagogy<\/em><\/li><li>ALINA MAG \u2013&nbsp;<em>Gamification in education &amp; teaching with joy<\/em><\/li><li>ALINA-MARIA MOLDOVAN \u2013&nbsp;<em>Learning socio-emotional competence through theatre and play<\/em><\/li><li>ALINA GEANINA IONESCU \u2013&nbsp;<em>Painting workshop<\/em><\/li><li>JOHANNA Z\u00d6LLNER \u2013&nbsp;<em>How long, how wide, how high? Comparing and measuring in nonformal situations<\/em><\/li><li>VERONICA-OANA IRIMIA \u2013&nbsp;<em>Let\u2019s play! Games that increase group cohesion<\/em><\/li><li>VLAD GOGELESCU, ANA-MARIA GR\u0102DINARIU, ADRIAN SECAL \u2013&nbsp;<em>Non-formal learning<\/em><\/li><\/ul><\/li><li>17:00 \u2013 18:00 WORKSHOP CONCLUSIONS<\/li><li>19:00 \u2013 22:00 DINNER<\/li><\/ul>\n\n\n\n<p id=\"block-f6ae7b5c-998c-4cea-b127-ecd145cad36e\"><strong><strong>Sunday, 29 September 2024<\/strong><\/strong><\/p>\n\n\n\n<ul id=\"block-f881d52d-6ca6-4e61-bb3b-8a3c000984da\"><li>10:00 \u2013 12:00 WORKSHOPS ON THE ISSUE: MAPPING PROFESSIONAL DEVELOPMENT NEEDS AND MENTORING IN EDUCATION<ul><li>RUXANDRA L\u0102C\u0102TU\u0218<em>,&nbsp;<\/em>GABRIELA CIOCLOV \u2013&nbsp;<em>Imaniere \u2013 company access code<\/em><\/li><li>DORINA GRIGOR \u2013&nbsp;<em>Sustainability through service-learning in the classroom and school for the community<\/em><\/li><li>EVELINE CIOFLEC \u2013&nbsp;<em>Values: Critical argumentation and reflection exercises<\/em><\/li><li>ROXANA-MARIA BLIDARU, LILIANA-DANIELA Chivulescu \u2013&nbsp;<em>Reading motivation \u2013 \u201eI\u2019m wondering what to read next\u201d<\/em><\/li><li>C\u0102T\u0102LINA CHENDEA \u2013&nbsp;<em>Well-being in school<\/em><\/li><li>AURORA CLAUDIA ZAMFIR, SIMONA VIOLETA BUCUR \u2013&nbsp;<em>Literacy vibe for any study discipline, with a new&nbsp;generation<\/em><\/li><li>ADINA ELENA RO\u0218CA, ALIN FLORIN DANCIU \u2013&nbsp;<em>LIFE LAB \u2013 Education for life<\/em><\/li><li>MARA NICULESCU \u2013&nbsp;<em>The fundamental of climate education: teaching children to love nature<\/em><\/li><\/ul><\/li><li>12:00 \u2013 13:00 WORKSHOP CONCLUSIONS<\/li><li>13:00 \u2013 13:30 GOODBYE MEETING<\/li><\/ul>\n\n\n\n<h2 id=\"block-493d98ba-d3bd-4f56-9c90-8033edbd53fb\"><strong>Comitet \u0218tiin\u021bific<\/strong><\/h2>\n\n\n\n<ul id=\"block-8e55d716-3d2f-409f-925b-1167bc532311\"><li>Olaya \u00c1LVAREZ GARC\u00cdA, Ph.D., University of the Balearic Islands, Spain<\/li><li>Wanda BARANOWSKA, Ph.D., University of Lodz, Poland<\/li><li>Karla BARTH, Ph.D., University of Oradea, Romania<\/li><li>Fabio BOCCI, Ph.D., University Roma Tre, Italy<\/li><li>Mu\u0219ata BOCO\u0218, Ph.D., Babe\u0219-Bolyai University, Cluj-Napoca, Romania<\/li><li>Marco CATARCI, Ph.D., University Roma Tre, Italy<\/li><li>Lucian CIOLAN, Ph.D., University of Bucharest, Romania<\/li><li>Donatella FANTOZZI, Ph.D., University of Pisa, Italy<\/li><li>Massimiliano FIORUCCI, Ph.D., University Roma Tre, Italy<\/li><li>Romi\u0163\u0103 IUCU, Ph.D., University of Bucharest, Romania<\/li><li>Susanne JONSSON, Inland Norway University of Applied Sciences, Norway<\/li><li>Daniel MARA, Ph.D., \u201cLucian Blaga\u201d University of Sibiu, Romania<\/li><li>Merc\u00e8 MOREY L\u00d3PEZ, Ph.D., University of the Balearic Islands, Spain<\/li><li>Arianna Lodovica MORINI, Ph.D., University Roma Tre, Italy<\/li><li>Dorin OPRI\u0218, Ph.D., \u201c1 Decembrie 1918&#8243; University, Alba Iulia, Romania<\/li><li>Georgeta P\u00c2NI\u0218OAR\u0102, Ph.D., University of Bucharest, Romania<\/li><li>Dana RAD, Ph.D., \u201cAurel Vlaicu\u201d University of Arad, Romania<\/li><li>Sorin RADU, Ph.D., \u201cLucian Blaga\u201d University of Sibiu, Romania<\/li><li>Alina ROMAN, Ph.D., \u201cAurel Vlaicu\u201d University of Arad, Romania<\/li><li>Liana T\u0102U\u0218AN, Ph.D., Technical University of Cluj-Napoca, Romania<\/li><li>Margareta M. THOMSON, Ph.D., North Carolina State University, Raleigh, USA<\/li><li>Ioana TODOR, Ph.D., \u201c1 Decembrie 1918&#8243; University, Alba Iulia, Romania<\/li><li>\u0141ukasz TOMCZYK, Ph.D., Jagiellonian University, Poland<\/li><li>Raluca SASSU, Ph.D., \u201cLucian Blaga\u201d University of Sibiu, Romania<\/li><li>Simona SAVA, Ph.D., West University of Timi\u015foara, Romania<\/li><li>Giusi Antonia TOTO,&nbsp;Ph.D., University of Foggia, Italy<\/li><li>Rosa Eva VALLE, Ph.D., University of Leon, Spain<\/li><li>Simona VELEA, Ph.D., National University for Political Studies and Public Administration, Bucharest, Romania<\/li><li>Paolo VITTORIA, Ph.D. University of Naples Federico II, Napoli, Italy<\/li><li>Mihaela VOINEA, Ph.D., Transilvania University of Bra\u0219ov, Romania<\/li><li>Tamara ZAPPATERRA, Ph.D., University of Ferrara, Italy<\/li><li>Johanna Z\u00d6LLNER, University of Education Karlsruhe, Germany<\/li><\/ul>\n\n\n\n<h2 id=\"block-5c7cb099-0659-4a68-b07f-2dd1276201c4\"><strong>Comitet de Organizare<\/strong><\/h2>\n\n\n\n<p id=\"block-02dbf16c-eb88-4572-a687-88ed58397878\"><strong><br>ORGANIZATORI PRINCIPALI<\/strong><\/p>\n\n\n\n<ul id=\"block-daa0c803-7816-444b-afad-9e3ee7e2d7f2\"><li>Daniel MARA, Professor Ph.D., \u201cLucian Blaga\u201d University of Sibiu, Romania<\/li><li>Mu\u0219ata BOCO\u0218, Professor Ph.D., \u201cBabe\u0219-Bolyai\u201d University, Cluj-Napoca, Romania<\/li><li>Paula Maria D\u0102R\u0102BAN, Ph.D. student \u201cBabe\u0219-Bolyai\u201d University, Cluj-Napoca, general inspector, Mure\u0219 County School Inspectorate, Romania<\/li><li>Gheorghe Ciprian D\u0102R\u0102BAN, Ph.D. student \u201cBabe\u0219-Bolyai\u201d University, Cluj-Napoca, principal of \u201cPetru Maior\u201d College, Reghin, Romania<\/li><li>Liliana-Daniela CHIVULESCU, \u201c\u0218tefan \u0219i Chivulescu\u201d &#8211; Professional Civil Society of Psychology, Secondary school teacher, School no. 2 Picior de Munte, Romania<\/li><li>Ioan Daniel HUNYADI, Lecturer Ph.D., \u201cLucian Blaga\u201d University of Sibiu, Romania<\/li><li>Liana Regina IUNESCH, Associate professor, Ph.D., \u201cLucian Blaga\u201d University of Sibiu, Romania<\/li><\/ul>\n\n\n\n<hr class=\"wp-block-separator\" id=\"block-308efa06-1b00-42cb-9790-4369c4c22d08\"\/>\n\n\n\n<p id=\"block-9798d696-96fe-43c7-9eca-ca415204f0bd\"><strong>MEMBRII<\/strong><\/p>\n\n\n\n<ul id=\"block-ad3c8ffa-3975-4af7-87aa-77f55db1ca64\"><li>Anca-Denisa PETRACHE, Professor Ph.D., \u201cIulia Ha\u0219deu\u201d National College, Bucharest, Romania<\/li><li>Alin Florin DANCIU, Secondary school teacher, S\u00e2ncraiu de Mure\u0219 Secondary School, Romania<\/li><li>Alina Geanina IONESCU, Associate professor, Ph.D., \u201cLucian Blaga\u201d University of Sibiu, Romania<\/li><li>Alina MAG, Lecturer Ph.D., \u201cLucian Blaga\u201d University of Sibiu, Romania<\/li><li>Elena-Lucia MARA, Professor Ph.D., \u201cLucian Blaga\u201d University of Sibiu, Romania<\/li><li>Dorin Cristian LOBON\u021a, Ph.D. student Babe\u0219-Bolyai University, Cluj-Napoca, principal of \u201cMihai Eminescu\u201d National Pedagogic College, T\u00e2rgu Mure\u0219, Romania<\/li><li>Veronica-Oana IRIMIA, Ph.D., \u201cBabe\u0219-Bolyai\u201d University, Cluj-Napoca, High-school teacher, \u201cMihai Eminescu\u201d National Pedagogic College, T\u00e2rgu Mure\u0219, Romania<\/li><li>Aurelian Silviu M\u0102RGINEAN, deputy director \u201cPetru Maior\u201d College, Reghin, Romania<\/li><li>Maria Melinda GORBAI, deputy director \u201cPetru Maior\u201d College, Reghin, Romania<\/li><li>Claudia-Aurora ZAMFIR, principal of \u201cMihai Viteazul\u201d Secondary School, Pucioasa, Romania<\/li><li>Ana-Maria PURCAR, Ph.D. student \u201cBabe\u0219-Bolyai\u201d University, Cluj-Napoca, Primary school teacher, &#8220;Lucian Blaga&#8221; High-School, Cluj-Napoca, Romania<\/li><\/ul>\n","protected":false},"excerpt":{"rendered":"<p>Program Saturday, 28 September 2024 9:00 \u2013 9:30 REGISTRATION 9:30 \u2013 10:00 WELCOME SESSION 10:00 \u2013 11:30 KEYNOTE SPEAKERS 10:00 \u2013 10:30 VLAD GOGELESCU, Teach for Romania, Romania \u2013&nbsp;Key Notes on non-formal education in international contexts: perspectives from Mombasa (Kenya), Amsterdam (Netherlands), Timisoara and Hyderabad (India) 10:30 \u2013 10:50 PAOLO FRIGNANI, Ph.D., Academy of Sciences [&hellip;]<\/p>\n","protected":false},"author":2,"featured_media":0,"parent":0,"menu_order":0,"comment_status":"closed","ping_status":"closed","template":"","meta":[],"_links":{"self":[{"href":"https:\/\/conferences.ulbsibiu.ro\/inec\/wp-json\/wp\/v2\/pages\/854"}],"collection":[{"href":"https:\/\/conferences.ulbsibiu.ro\/inec\/wp-json\/wp\/v2\/pages"}],"about":[{"href":"https:\/\/conferences.ulbsibiu.ro\/inec\/wp-json\/wp\/v2\/types\/page"}],"author":[{"embeddable":true,"href":"https:\/\/conferences.ulbsibiu.ro\/inec\/wp-json\/wp\/v2\/users\/2"}],"replies":[{"embeddable":true,"href":"https:\/\/conferences.ulbsibiu.ro\/inec\/wp-json\/wp\/v2\/comments?post=854"}],"version-history":[{"count":6,"href":"https:\/\/conferences.ulbsibiu.ro\/inec\/wp-json\/wp\/v2\/pages\/854\/revisions"}],"predecessor-version":[{"id":863,"href":"https:\/\/conferences.ulbsibiu.ro\/inec\/wp-json\/wp\/v2\/pages\/854\/revisions\/863"}],"wp:attachment":[{"href":"https:\/\/conferences.ulbsibiu.ro\/inec\/wp-json\/wp\/v2\/media?parent=854"}],"curies":[{"name":"wp","href":"https:\/\/api.w.org\/{rel}","templated":true}]}}