{"id":3103,"date":"2019-10-21T09:18:56","date_gmt":"2019-10-21T09:18:56","guid":{"rendered":"https:\/\/www.sibiu-labour-law-conference.ro\/?page_id=3103"},"modified":"2019-10-21T09:26:41","modified_gmt":"2019-10-21T09:26:41","slug":"registration-form","status":"publish","type":"page","link":"https:\/\/conferences.ulbsibiu.ro\/labour-law\/en\/registration-form\/","title":{"rendered":"Registration form"},"content":{"rendered":"<p>[vc_row][vc_column][vc_column_text]<\/p>\n<p style=\"text-align: center;\"><strong>INTERNATIONAL CONFERENCE<\/strong><\/p>\n<p style=\"text-align: center;\"><strong>with the theme<\/strong><\/p>\n<p style=\"text-align: center;\"><strong>&#8220;New technologies, consequences for the employment relationship&#8221;<\/strong><\/p>\n<p style=\"text-align: center;\"><strong>Sibiu, October 11-12, 2019<\/strong><\/p>\n<p>[\/vc_column_text]<div role=\"form\" class=\"wpcf7\" id=\"wpcf7-f3105-o1\" lang=\"ro-RO\" dir=\"ltr\">\n<div class=\"screen-reader-response\"><p role=\"status\" aria-live=\"polite\" aria-atomic=\"true\"><\/p> <ul><\/ul><\/div>\n<form action=\"\/labour-law\/wp-json\/wp\/v2\/pages\/3103#wpcf7-f3105-o1\" method=\"post\" class=\"wpcf7-form init\" novalidate=\"novalidate\" data-status=\"init\">\n<div style=\"display: none;\">\n<input type=\"hidden\" name=\"_wpcf7\" value=\"3105\" \/>\n<input type=\"hidden\" name=\"_wpcf7_version\" value=\"5.4.1\" \/>\n<input type=\"hidden\" name=\"_wpcf7_locale\" value=\"ro_RO\" \/>\n<input type=\"hidden\" name=\"_wpcf7_unit_tag\" value=\"wpcf7-f3105-o1\" \/>\n<input type=\"hidden\" name=\"_wpcf7_container_post\" value=\"0\" \/>\n<input type=\"hidden\" name=\"_wpcf7_posted_data_hash\" value=\"\" \/>\n<\/div>\n<p><label> Your last name (required)<span class=\"wpcf7-form-control-wrap your-name\"><input type=\"text\" name=\"your-name\" value=\"\" size=\"40\" class=\"wpcf7-form-control wpcf7-text wpcf7-validates-as-required\" aria-required=\"true\" aria-invalid=\"false\" \/><\/span> <\/label><br \/>\n<label> Your first name (required)<span class=\"wpcf7-form-control-wrap your-prenume\"><input type=\"text\" name=\"your-prenume\" value=\"\" size=\"40\" class=\"wpcf7-form-control wpcf7-text wpcf7-validates-as-required\" aria-required=\"true\" aria-invalid=\"false\" \/><\/span> <\/label><br \/>\n<label> Academic title (required)<span class=\"wpcf7-form-control-wrap titlu-academic\"><input type=\"text\" name=\"titlu-academic\" value=\"\" size=\"40\" class=\"wpcf7-form-control wpcf7-text wpcf7-validates-as-required\" aria-required=\"true\" aria-invalid=\"false\" \/><\/span> <\/label><br \/>\n<label> Institution (required)<span class=\"wpcf7-form-control-wrap institutie\"><input type=\"text\" name=\"institutie\" value=\"\" size=\"40\" class=\"wpcf7-form-control wpcf7-text wpcf7-validates-as-required\" aria-required=\"true\" aria-invalid=\"false\" \/><\/span> <\/label><br \/>\n<label> Address (required)<span class=\"wpcf7-form-control-wrap adresa\"><input type=\"text\" name=\"adresa\" value=\"\" size=\"40\" class=\"wpcf7-form-control wpcf7-text wpcf7-validates-as-required\" aria-required=\"true\" aria-invalid=\"false\" \/><\/span> <\/label><br \/>\n<label> Phone (required)<span class=\"wpcf7-form-control-wrap telefon\"><input type=\"text\" name=\"telefon\" value=\"\" size=\"40\" class=\"wpcf7-form-control wpcf7-text wpcf7-validates-as-required\" aria-required=\"true\" aria-invalid=\"false\" \/><\/span> <\/label><br \/>\n<label> Your Email (required)<span class=\"wpcf7-form-control-wrap your-email\"><input type=\"email\" name=\"your-email\" value=\"\" size=\"40\" class=\"wpcf7-form-control wpcf7-text wpcf7-email wpcf7-validates-as-required wpcf7-validates-as-email\" aria-required=\"true\" aria-invalid=\"false\" \/><\/span> <\/label><br \/>\n<label> Presentation title (required)<span class=\"wpcf7-form-control-wrap titlu-prezentare\"><input type=\"text\" name=\"titlu-prezentare\" value=\"\" size=\"40\" class=\"wpcf7-form-control wpcf7-text wpcf7-validates-as-required\" aria-required=\"true\" aria-invalid=\"false\" \/><\/span> <\/label><br \/>\n<label> Abstract English <span class=\"wpcf7-form-control-wrap abstract-en\"><textarea name=\"abstract-en\" cols=\"100\" rows=\"10\" class=\"wpcf7-form-control wpcf7-textarea\" aria-invalid=\"false\"><\/textarea><\/span>  <\/label><br \/>\n<label> Keywords English <span class=\"wpcf7-form-control-wrap cuvinte-cheie-en\"><textarea name=\"cuvinte-cheie-en\" cols=\"100\" rows=\"1\" class=\"wpcf7-form-control wpcf7-textarea\" aria-invalid=\"false\"><\/textarea><\/span> <\/label><br \/>\n<label> Abstract Romanian language <span class=\"wpcf7-form-control-wrap abstract-ro\"><textarea name=\"abstract-ro\" cols=\"100\" rows=\"10\" class=\"wpcf7-form-control wpcf7-textarea\" aria-invalid=\"false\"><\/textarea><\/span> <\/label><br \/>\n<label> Keywords Romanian <span class=\"wpcf7-form-control-wrap cuvinte-cheie-ro\"><textarea name=\"cuvinte-cheie-ro\" cols=\"100\" rows=\"1\" class=\"wpcf7-form-control wpcf7-textarea\" aria-invalid=\"false\"><\/textarea><\/span> <\/label><\/p>\n<p><input type=\"submit\" value=\"SEND\" class=\"wpcf7-form-control wpcf7-submit\" \/><\/p>\n<div class=\"wpcf7-response-output\" aria-hidden=\"true\"><\/div><\/form><\/div>[vc_column_text]Deadline for registration: September 20, 2019.<\/p>\n<p>The participation fee will be paid in the account RO70BTRLRONCRT0435221101, the account of the Association of the Company of Labour Law and Social Security.<\/p>\n<p>&nbsp;<\/p>\n<p><strong>Contacts:<\/strong><\/p>\n<p>Prof.univ.dr.Marioara \u00c8\u0161ichindelean\u00c2\u00a0\u00c2\u00a0\u00c2\u00a0\u00c2\u00a0 <a href=\"mailto:tmsib@yahoo.com\">tmsib@yahoo.com<\/a><\/p>\n<p>Conf.univ.dr.Monica Gheorghe\u00c2\u00a0\u00c2\u00a0\u00c2\u00a0\u00c2\u00a0\u00c2\u00a0\u00c2\u00a0\u00c2\u00a0\u00c2\u00a0\u00c2\u00a0\u00c2\u00a0 <a href=\"mailto:monica.gheorghe@ulbsibiu.ro\">monica.gheorghe@ulbsibiu.ro<\/a>[\/vc_column_text][\/vc_column][\/vc_row]<\/p>\n","protected":false},"excerpt":{"rendered":"<p>[vc_row][vc_column][vc_column_text] INTERNATIONAL CONFERENCE with the theme &#8220;New technologies, consequences for the employment relationship&#8221; Sibiu, October 11-12, 2019 [\/vc_column_text][vc_column_text]Deadline for registration: September 20, 2019. The participation fee will be paid in the account RO70BTRLRONCRT0435221101, the account of the Association of the Company of Labour Law and Social Security. &nbsp; Contacts: Prof.univ.dr.Marioara \u00c8\u0161ichindelean\u00c2\u00a0\u00c2\u00a0\u00c2\u00a0\u00c2\u00a0 tmsib@yahoo.com Conf.univ.dr.Monica Gheorghe\u00c2\u00a0\u00c2\u00a0\u00c2\u00a0\u00c2\u00a0\u00c2\u00a0\u00c2\u00a0\u00c2\u00a0\u00c2\u00a0\u00c2\u00a0\u00c2\u00a0 monica.gheorghe@ulbsibiu.ro[\/vc_column_text][\/vc_column][\/vc_row]<\/p>\n","protected":false},"author":1,"featured_media":0,"parent":0,"menu_order":0,"comment_status":"closed","ping_status":"closed","template":"","meta":[],"_links":{"self":[{"href":"https:\/\/conferences.ulbsibiu.ro\/labour-law\/wp-json\/wp\/v2\/pages\/3103"}],"collection":[{"href":"https:\/\/conferences.ulbsibiu.ro\/labour-law\/wp-json\/wp\/v2\/pages"}],"about":[{"href":"https:\/\/conferences.ulbsibiu.ro\/labour-law\/wp-json\/wp\/v2\/types\/page"}],"author":[{"embeddable":true,"href":"https:\/\/conferences.ulbsibiu.ro\/labour-law\/wp-json\/wp\/v2\/users\/1"}],"replies":[{"embeddable":true,"href":"https:\/\/conferences.ulbsibiu.ro\/labour-law\/wp-json\/wp\/v2\/comments?post=3103"}],"version-history":[{"count":2,"href":"https:\/\/conferences.ulbsibiu.ro\/labour-law\/wp-json\/wp\/v2\/pages\/3103\/revisions"}],"predecessor-version":[{"id":3106,"href":"https:\/\/conferences.ulbsibiu.ro\/labour-law\/wp-json\/wp\/v2\/pages\/3103\/revisions\/3106"}],"wp:attachment":[{"href":"https:\/\/conferences.ulbsibiu.ro\/labour-law\/wp-json\/wp\/v2\/media?parent=3103"}],"curies":[{"name":"wp","href":"https:\/\/api.w.org\/{rel}","templated":true}]}}