{"id":313,"date":"2021-09-20T20:18:22","date_gmt":"2021-09-20T20:18:22","guid":{"rendered":"https:\/\/conferences.ulbsibiu.ro\/lucianblagacolloquium\/?page_id=313"},"modified":"2021-10-26T16:50:04","modified_gmt":"2021-10-26T16:50:04","slug":"keynote-speakers-editia-2021","status":"publish","type":"page","link":"https:\/\/conferences.ulbsibiu.ro\/lucianblagacolloquium\/?page_id=313","title":{"rendered":"Keynote Speaker 2021 &#8211; Marta Petreu"},"content":{"rendered":"<div>\n<div>CE N-A FOST NICIODAT\u0102 BLAGA<\/div>\n<div>cu<\/div>\n<div><strong>MARTA PETREU<\/strong><\/div>\n<div><a href=\"https:\/\/conferences.ulbsibiu.ro\/lucianblagacolloquium\/wp-content\/uploads\/241736178_4319897204776287_423639905891090396_n1.jpg\"><img loading=\"lazy\" class=\"alignleft size-medium wp-image-321\" title=\"241736178_4319897204776287_423639905891090396_n\" src=\"https:\/\/conferences.ulbsibiu.ro\/lucianblagacolloquium\/wp-content\/uploads\/241736178_4319897204776287_423639905891090396_n1-300x187.jpg\" alt=\"\" width=\"300\" height=\"187\" srcset=\"https:\/\/conferences.ulbsibiu.ro\/lucianblagacolloquium\/wp-content\/uploads\/241736178_4319897204776287_423639905891090396_n1-300x187.jpg 300w, https:\/\/conferences.ulbsibiu.ro\/lucianblagacolloquium\/wp-content\/uploads\/241736178_4319897204776287_423639905891090396_n1.jpg 646w\" sizes=\"(max-width: 300px) 100vw, 300px\" \/><\/a><\/div>\n<\/div>\n<div>\n<div>Scriitoare, profesoar\u0103 de istoria filosofiei rom\u00e2ne\u015fti la Universitatea \u201eBabe\u015f Bolyai\u201d din Cluj,  redactor \u015fef al revistei Apostrof, membr\u0103 a grup\u0103rii literare Echinox, Marta Petreu este un nume recunoscut al culturii rom\u00e2ne\u0219ti.<\/div>\n<div>Volumele publicate sunt cea mai bun\u0103 carte de vizit\u0103:<\/div>\n<div>Eseuri \u0219i studii de filosofie: Teze neterminate (1991); Jocurile manierismului logic (1995); Un trecut deocheat sau \u201eSchimbarea la fa\u0163\u0103 a Rom\u00e2niei\u201d (1999); Ionescu \u00een \u0163ara tat\u0103lui (2001); Filosofia lui Caragiale (2003); Filosofii paralele (2005); Despre bolile filosofilor. Cioran (2008); Diavolul \u015fi ucenicul s\u0103u: Nae Ionescu \u2013 Mihail Sebastian (2009),  De la Junimea la Noica. Studii de cultur\u0103 rom\u00e2neasc\u0103 (2011), O zi din via\u021ba mea f\u0103r\u0103 durere. Eseuri (2012), Genera\u0163ia \u201927 \u00eentre Holocaust \u015fi Gulag. Mircea Eliade \u015fi Klaus Mann despre genera\u0163ia t\u00een\u0103r\u0103 (2016), Domni \u015fi Doamne (2020),&nbsp;<\/p>\n<div>Blaga, \u00eentre legionari \u0219i comuni\u0219ti (2021)<\/div>\n<div>Volume de poezie: Aduce\u0163i verbele, Diminea\u0163a tinerelor doamne (1983); Loc psihic (1991); Poeme neru\u015finate (1993); Cartea m\u00eeniei (1997); Apocalipsa dup\u0103 Marta (1999); Falanga (2001); Scara lui Iacob (2006); Asta nu este via\u0163a mea (2014). Apocalipsa dup\u0103 Marta (integral\u0103 a poeziei editate p\u00een\u0103 \u00een 2011)<\/div>\n<div>Romane: Acas\u0103, pe C\u00eempia Armaghedonului \u0219i Supa de la miezul nop\u0163ii (2017)<\/div>\n<div>Foto credit: adev\u0103rul.ro<\/div>\n<\/div>\n<\/div>\n<p>&nbsp;<\/p>\n","protected":false},"excerpt":{"rendered":"<p>CE N-A FOST NICIODAT\u0102 BLAGA cu MARTA PETREU Scriitoare, profesoar\u0103 de istoria filosofiei rom\u00e2ne\u015fti la Universitatea \u201eBabe\u015f Bolyai\u201d din Cluj, redactor \u015fef al revistei Apostrof, membr\u0103 a grup\u0103rii literare Echinox, Marta Petreu este un nume recunoscut al culturii rom\u00e2ne\u0219ti. Volumele &hellip; <a href=\"https:\/\/conferences.ulbsibiu.ro\/lucianblagacolloquium\/?page_id=313\">Continue reading <span class=\"meta-nav\">&rarr;<\/span><\/a><\/p>\n","protected":false},"author":1,"featured_media":0,"parent":45,"menu_order":1,"comment_status":"closed","ping_status":"open","template":"","meta":[],"_links":{"self":[{"href":"https:\/\/conferences.ulbsibiu.ro\/lucianblagacolloquium\/index.php?rest_route=\/wp\/v2\/pages\/313"}],"collection":[{"href":"https:\/\/conferences.ulbsibiu.ro\/lucianblagacolloquium\/index.php?rest_route=\/wp\/v2\/pages"}],"about":[{"href":"https:\/\/conferences.ulbsibiu.ro\/lucianblagacolloquium\/index.php?rest_route=\/wp\/v2\/types\/page"}],"author":[{"embeddable":true,"href":"https:\/\/conferences.ulbsibiu.ro\/lucianblagacolloquium\/index.php?rest_route=\/wp\/v2\/users\/1"}],"replies":[{"embeddable":true,"href":"https:\/\/conferences.ulbsibiu.ro\/lucianblagacolloquium\/index.php?rest_route=%2Fwp%2Fv2%2Fcomments&post=313"}],"version-history":[{"count":12,"href":"https:\/\/conferences.ulbsibiu.ro\/lucianblagacolloquium\/index.php?rest_route=\/wp\/v2\/pages\/313\/revisions"}],"predecessor-version":[{"id":346,"href":"https:\/\/conferences.ulbsibiu.ro\/lucianblagacolloquium\/index.php?rest_route=\/wp\/v2\/pages\/313\/revisions\/346"}],"up":[{"embeddable":true,"href":"https:\/\/conferences.ulbsibiu.ro\/lucianblagacolloquium\/index.php?rest_route=\/wp\/v2\/pages\/45"}],"wp:attachment":[{"href":"https:\/\/conferences.ulbsibiu.ro\/lucianblagacolloquium\/index.php?rest_route=%2Fwp%2Fv2%2Fmedia&parent=313"}],"curies":[{"name":"wp","href":"https:\/\/api.w.org\/{rel}","templated":true}]}}