{"id":370,"date":"2021-10-29T11:51:53","date_gmt":"2021-10-29T11:51:53","guid":{"rendered":"https:\/\/conferences.ulbsibiu.ro\/lucianblagacolloquium\/?page_id=370"},"modified":"2021-10-29T15:25:31","modified_gmt":"2021-10-29T15:25:31","slug":"premii-colocviul-international-universitar-%e2%80%9elucian-blaga%e2%80%9d-editia-xxiii-2021","status":"publish","type":"page","link":"https:\/\/conferences.ulbsibiu.ro\/lucianblagacolloquium\/?page_id=370","title":{"rendered":"PREMII &#8211; COLOCVIUL INTERNA\u021aIONAL UNIVERSITAR \u201eLUCIAN BLAGA\u201d &#8211; EDI\u021aIA  XXIII &#8211; 2021"},"content":{"rendered":"<p><strong>Sec\u0163iunea I: LUCIAN BLAGA <\/strong><\/p>\n<p><strong>\u2013 STUDII LITERARE \u015eI FILOSOFICE<\/strong><\/p>\n<p><strong>MARELE PREMIU\u00a0\u00a0\u0218I PREMIUL REVISTEI EUPHORION<\/strong><\/p>\n<p>Livia \u021au\u0219ca, Universitatea de Vest din Timi\u0219oara:\u00a0<em>Forme ale c\u0103ut\u0103rii de sine \u00een lirica lui Blaga: un studiu comparativ<\/em><\/p>\n<p><strong>PREMIUL I<\/strong><\/p>\n<p>Iulia G\u00e2ndil\u0103,\u00a0Universitatea \u201eLucian Blaga\u201d din Sibiu:\u00a0<em>Toposul emo\u021biilor \u2013 un itinerariu blagian<\/em><em> <\/em><\/p>\n<p><em> <\/em><\/p>\n<p><strong>PREMIUL III<\/strong><strong> <\/strong><\/p>\n<p>Adrian Badea, Gabriela-Roberta Sipanu, Universitatea din Craiova:\u00a0<em>Feminismul \u00een poetica lui Lucian Blaga<\/em><\/p>\n<p><em> <\/em><\/p>\n<p><em> <\/em><\/p>\n<p>Isabella Cre\u021ban, Universitatea de Vest din Timi\u0219oara:\u00a0<em>Art\u0103 \u0219i valoare: limbajul aforistic \u2013 de la abisal la revelare<\/em><\/p>\n<p><em> <\/em><\/p>\n<p><em> <\/em><\/p>\n<p><strong>MEN\u021aIUNE<\/strong><strong><em> <\/em><\/strong><\/p>\n<p><em> <\/em><\/p>\n<p>Ioana-Hanna Han,\u00a0Universitatea \u201eLucian Blaga\u201d din Sibiu<em>: \u00cendemn de poveste\u201d \u2013 o analiz\u0103 de text<\/em><\/p>\n<p><strong>Sec\u0163iunea a II-a: METODE RECENTE \u00ceN ABORDAREA TEXTELOR LITERARE <\/strong><\/p>\n<p><strong>PREMIUL I \u0218I PREMIUL REVISTEI TRANSILVANIA<\/strong><\/p>\n<p>Ioana Toloarg\u0103,\u00a0Universitatea \u201eBabe\u0219-Bolyai\u201d din Cluj-Napoca:<strong> <\/strong><em>Performativitatea corporal\u0103 \u0219i hiperrealismul \u00een proza dou\u0103miist\u0103 \u0219i \u00een noul val cinematografic rom\u00e2nesc<\/em><\/p>\n<p><strong>PREMIUL II<\/strong><\/p>\n<p>Teona Farmatu,\u00a0Universitatea \u201eBabe\u0219-Bolyai\u201d din Cluj-Napoca:<strong> <\/strong><em>Dinamica romanului psihologic interbelic \u2013 un demers cantitativ<\/em><\/p>\n<p><em> <\/em><\/p>\n<p><em> <\/em><\/p>\n<p>Mihnea B\u00e2lici,\u00a0Universitatea \u201eBabe\u0219-Bolyai\u201d din Cluj-Napoca:<strong> <\/strong><em>Revizuirea problemei \u201eesteticului\u201d \u00een studiile Teodorei Dumitru \u0219i ale lui Andrei Terian<\/em><\/p>\n<p><em> <\/em><\/p>\n<p><strong>PREMIUL III<\/strong><\/p>\n<p>Mihaela-Oana Gogo\u0219eanu, Universitatea de Vest din Timi\u0219oara:\u00a0<em>Noul materialism: ipoteze \u0219i context<\/em><\/p>\n<p><em> <\/em><\/p>\n<p><strong>MEN\u021aIUNE<\/strong><\/p>\n<p>\u0218tefania S\u00eerbu,\u00a0Universitatea \u201eBabe\u0219-Bolyai\u201d din Cluj-Napoca:<strong> <\/strong><em>Eu-topiile. Joc, colec\u021bionare \u0219i multiplicitate \u00een construc\u021bia postural\u0103 a Simonei Popescu<\/em><\/p>\n<p>Andra G\u0103lan,\u00a0Universitatea \u201eBabe\u0219-Bolyai\u201d din Cluj-Napoca:<strong> <\/strong><em>Distopia centrului. Transna\u021bionalizarea modernismului hispano-american<\/em><\/p>\n<p><strong>DIPLOM\u0102 DE PARTICIPARE<\/strong><\/p>\n<p>Victoria-Silvia \u0218erban, Universitatea din Bucure\u0219ti:\u00a0<em>Post-adev\u0103r \u00een romanele secolului XXI<\/em><\/p>\n<p><em> <\/em><\/p>\n<p><em> <\/em><\/p>\n<p><em> <\/em><\/p>\n<p><strong>SEC\u021aIUNEA STILISTIC\u0102 \u0218I POETIC\u0102<\/strong><strong> <\/strong><\/p>\n<p><strong> <\/strong><\/p>\n<p><strong>PREMIUL I<\/strong><\/p>\n<p><strong> <\/strong><\/p>\n<p>Denisa-Maria Fr\u0103tean, Universitatea \u201eLucian Blaga\u201d din Sibiu:\u00a0<em>Lirica blagian\u0103 \u2013 (re)lecturi cantitative<\/em><em> <\/em><\/p>\n<p><em> <\/em><\/p>\n<p><strong>PREMIUL II<\/strong><\/p>\n<p><strong> <\/strong><\/p>\n<p>Olivia-Maria Nec\u0219a, Universitatea de Vest din Timi\u0219oara:<em> Poetica nem\u0103rginirii \u00een\u00a0<strong>Poemele luminii<\/strong>: transcenden\u021b\u0103 \u0219i interioritate<strong> <\/strong><\/em><\/p>\n<p><strong><em> <\/em><\/strong><\/p>\n<p>Bogdan Contea,\u00a0Universitatea \u201eLucian Blaga\u201d din Sibiu:\u00a0<em>Metafora lumii-cuib \u00een poemele blagiene<\/em><\/p>\n<p><strong>MEN\u021aIUNE<\/strong><\/p>\n<p>Andreea-Iulia Pietraru,\u00a0Universitatea \u201eLucian Blaga\u201d din Sibiu:\u00a0<em> Margini \u0219i metafic\u0103 \u00een poezia blagian\u0103<\/em><\/p>\n<p><strong>Sec\u0163iunea a III-a: LUCIAN BLAGA \u2013 ATELIER DE TRADUCERI (1)<\/strong><\/p>\n<p><strong>Limba englez\u0103:<\/strong><\/p>\n<p><strong> <\/strong><\/p>\n<p><strong>PREMIUL I<\/strong><\/p>\n<p><strong> <\/strong><\/p>\n<p>Ionela-Gabriela<em> <\/em>Chiri\u021boiu, Universitatea \u201eLucian Blaga\u201d din Sibiu<\/p>\n<p>Kelly Akerman, Glendon College, York University Toronto\/\u00a0Universitatea \u201eBabe\u0219-Bolyai\u201d din Cluj-Napoca<\/p>\n<p><strong>PREMIUL II<\/strong><\/p>\n<p>Alina-Elena Artenie, Universitatea \u201eLucian Blaga\u201d din Sibiu<\/p>\n<p><strong>PREMIUL III<\/strong><\/p>\n<p>Denis-Alin-Florin Diaconu, Universitatea din Craiova<\/p>\n<p>Claudiu-Adrian Lungu,\u00a0Universitatea de Medicin\u0103, Farmacie, \u0218tiin\u021be \u0219i Tehnologie \u201eGeorge Emil Palade\u201d din T\u00e2rgu-Mure\u0219<\/p>\n<p><strong> MEN\u021aIUNI<\/strong><\/p>\n<p>Alexandra Trifan,\u00a0Universitatea de Medicin\u0103, Farmacie, \u0218tiin\u021be \u0219i Tehnologie \u201eGeorge Emil Palade\u201d din T\u00e2rgu-Mure\u0219<\/p>\n<p>Arazmuhammet Atayev, Turkmenistan \u0219i Mirela-Larisa Rof, Universitatea de Vest din Timi\u0219oara<\/p>\n<p><strong>DIPLOM\u0102 DE PARTICIPARE<\/strong><\/p>\n<p>Elena-Andreea B\u0103rbulescu, Universitatea din Bucure\u0219ti<\/p>\n<p>Ana-Francesca Pan\u0103,\u00a0Universitatea de Medicin\u0103, Farmacie, \u0218tiin\u021be \u0219i Tehnologie \u201eGeorge Emil Palade\u201d din T\u00e2rgu-Mure\u0219<\/p>\n<p>Teodora Roman, Universitatea \u201eLucian Blaga\u201d din Sibiu<\/p>\n<p><strong> <\/strong><\/p>\n<p><strong>Limba german\u0103:<\/strong><\/p>\n<p><strong>PREMIUL I<\/strong><\/p>\n<p>Oana Cicur, Universitatea \u201eBabe\u0219-Bolyai\u201d din Cluj-Napoca\u00a0<strong> <\/strong><\/p>\n<p><strong> <\/strong><\/p>\n<p><strong>Limba ebraic\u0103:<\/strong><\/p>\n<p><strong>PREMIUL II<\/strong><\/p>\n<p>Efi Magaziner, Israel \u0219i Ionela-Claudia Popescu, Universitatea de Vest din Timi\u0219oara<\/p>\n<p><strong> <\/strong><\/p>\n<p><strong>Limba greac\u0103:<\/strong><strong> <\/strong><\/p>\n<p><strong>PREMIUL II<\/strong><strong> <\/strong><\/p>\n<p>Ana-Maria Epure, Universitatea \u201eLucian Blaga\u201d din Sibiu<\/p>\n<p><strong> <\/strong><\/p>\n<p><strong>Limba turc\u0103:<\/strong><\/p>\n<p><strong> <\/strong><\/p>\n<p><strong>PREMIUL I<\/strong><\/p>\n<p>Nur Ef\u0219an Akpinar, Universitatea din Ankara<\/p>\n<p><strong>PREMIUL II<\/strong><\/p>\n<p>Canan Nur Savranlar,\u00a0Universitatea din Ankara<\/p>\n<p><strong>Limba turkmen\u0103:<\/strong><\/p>\n<p><strong> <\/strong><\/p>\n<p><strong>PREMIUL I<\/strong><\/p>\n<p>Arazmuhammet Atayev, Turkmenistan \u0219i Mirela-Larisa Rof, Universitatea de Vest din Timi\u0219oara<\/p>\n<p>&nbsp;<\/p>\n<p><strong>Limba ucrainean\u0103:<\/strong><\/p>\n<p><strong>PREMIUL II<\/strong><\/p>\n<p>Patrisia Preotescu, Universitatea Na\u0163ional\u0103 din Cern\u0103u\u0163i<\/p>\n<p>C\u0103t\u0103lin \u015ecerb\u0103niuc, Universitatea Na\u0163ional\u0103 din Cern\u0103u\u0163i<\/p>\n<p><strong> <\/strong><\/p>\n<p><strong>Limba tamil\u0103:<\/strong><\/p>\n<p><strong>PREMIUL I<\/strong><\/p>\n<p>Laura-Otilia Ardeleanu,\u00a0Fran\u021ba<\/p>\n<p>&nbsp;<\/p>\n<p><strong>Limba chinez\u0103:<\/strong><strong> <\/strong><\/p>\n<p><strong>PREMIUL I<\/strong><strong> <\/strong><\/p>\n<p>Zhao Xin, Universitatea din Bucure\u0219ti<\/p>\n<p>&nbsp;<\/p>\n<p><strong>Limba italian\u0103: <\/strong><\/p>\n<p><strong> <\/strong><\/p>\n<p><strong>PREMIUL I<\/strong><\/p>\n<p>Rebeca Filimon \u0219i Olga T\u0103r\u00ee\u021b\u0103, Universitatea din Padova<\/p>\n<p><strong> PREMIUL I<\/strong><\/p>\n<p>Francesca Pizzinga \u0219i Elena Boro\u0219-Stanciu, Universitatea din Padova<strong> <\/strong><\/p>\n<p><strong> <\/strong><\/p>\n<p><strong>Limba spaniol\u0103:<\/strong><\/p>\n<p><strong> <\/strong><\/p>\n<p><strong>MEN\u021aIUNE<\/strong><\/p>\n<p>Adrian-Dan H\u0103r\u021b\u0103u, Universitatea de Vest din Timi\u0219oara\u00a0<em> <\/em><\/p>\n<p><strong> <\/strong><\/p>\n<p><strong>Limba portughez\u0103:<\/strong><\/p>\n<p><strong> <\/strong><\/p>\n<p><strong>MEN\u021aIUNE<\/strong><\/p>\n<p>Jamilta Mendes David, S\u00e3o Tom\u00e9 \u0219i Pr\u00edncipe \u0219i Alexandru Bobic, Universitatea de Vest din Timi\u0219oara<\/p>\n<p><strong> <\/strong><\/p>\n<p><strong>Limba sloven\u0103:<\/strong><\/p>\n<p><strong>PREMIUL I<\/strong><\/p>\n<p>Lara Poto\u010dnik, Universitatea\u00a0\u00a0din Ljubljana<\/p>\n<p>&nbsp;<\/p>\n<p><strong>Limba ceh\u0103:<\/strong><\/p>\n<p><strong> <\/strong><\/p>\n<p><strong> PREMIUL I<\/strong><\/p>\n<p><strong> <\/strong><\/p>\n<p>Mihaela T\u0103nase,\u00a0Universitatea Carolin\u0103 din\u00a0Praga<\/p>\n<p>&nbsp;<\/p>\n<p><strong>PREMIUL II<\/strong><strong> <\/strong><\/p>\n<p>Eva Milea,\u00a0Universitatea Carolin\u0103 din\u00a0Praga<\/p>\n<p>Jan Bergl,\u00a0Universitatea Carolin\u0103 din\u00a0Praga<\/p>\n<p>&nbsp;<\/p>\n<p><strong> DIPLOM\u0102 DE PARTICIPARE<\/strong><strong> <\/strong><\/p>\n<p>Jan Cermak,\u00a0Universitatea Carolin\u0103 din\u00a0Praga<\/p>\n<p>Lubo\u0161 Kol\u00e1\u0159,\u00a0Universitatea Carolin\u0103 din\u00a0Praga<\/p>\n<p>Eliska Belinova,\u00a0Universitatea Carolin\u0103 din\u00a0Praga<\/p>\n<p>Victoria Wolfov\u00e1,\u00a0Universitatea Carolin\u0103 din\u00a0Praga<\/p>\n<p><strong> <\/strong><\/p>\n<p><strong>Limba s\u00e2rb\u0103:<\/strong><strong> <\/strong><\/p>\n<p><strong>MEN\u021aIUNE<\/strong><strong> <\/strong><\/p>\n<p><strong> <\/strong><\/p>\n<p>Aleksandar Gajic,<strong> <\/strong>Universitatea din Belgrad<\/p>\n<p>&nbsp;<\/p>\n<p><strong>Limba francez\u0103: <\/strong><\/p>\n<p><strong>PREMIUL I<\/strong><\/p>\n<p>Alin-Daniel Zaharie,\u00a0Universitatea \u201eLucian Blaga\u201d din Sibiu<\/p>\n<p><strong> PREMIUL II<\/strong><strong> <\/strong><\/p>\n<p>Antalia-Celestina St\u0103nescu, Universitatea din Craiova<\/p>\n<p><strong> PREMIUL III<\/strong><strong> <\/strong><\/p>\n<p>Antonia Muraru,\u00a0Universitatea \u201eBabe\u0219-Bolyai\u201d din Cluj-Napoca<\/p>\n<p>Adina-Maria Gherghin, Universitatea \u201eLucian Blaga\u201d din Sibiu<\/p>\n<p><strong> MEN\u021aIUNE<\/strong><\/p>\n<p>Elena-Adelina Ivan, Universitatea \u201eLucian Blaga\u201d din SibiU<strong> <\/strong><\/p>\n<p>Michel Gloire Nkolo, Congo \u0219i Livia \u021au\u0219ca, Universitatea de Vest din Timi\u0219oara<\/p>\n<p><strong>DIPLOM\u0102 DE PARTICIPARE<\/strong><\/p>\n<p>Claudia Ianchis,\u00a0Universitatea \u201eLucian Blaga\u201d din Sibiu<\/p>\n<p><strong>Sec\u0163iunea a V-a: CREA\u021aIE LITERAR\u0102<\/strong><\/p>\n<p><strong>PREMIUL REVISTEI EUPHORION \u0218I PREMIUL PENTRU CREA\u021aIE<\/strong><strong> <\/strong><\/p>\n<p><strong> <\/strong><\/p>\n<p>Andreea-Iulia Pietraru,\u00a0Universitatea \u201eLucian Blaga\u201d din Sibiu<\/p>\n<p><strong>DIPLOM\u0102 DE PARTICIPARE<\/strong><\/p>\n<p>Alex-Ionu\u021b Orban,\u00a0\u00a0Universitatea de Medicin\u0103, Farmacie, \u0218tiin\u021be \u0219i Tehnologie \u201eGeorge Emil Palade\u201d din T\u00e2rgu-Mure\u0219<\/p>\n<p>Octavian Pl\u0103ia\u0219u-Cozan,\u00a0Universitatea din Bucure\u0219ti<\/p>\n<p>&nbsp;<\/p>\n","protected":false},"excerpt":{"rendered":"<p>Sec\u0163iunea I: LUCIAN BLAGA \u2013 STUDII LITERARE \u015eI FILOSOFICE MARELE PREMIU\u00a0\u00a0\u0218I PREMIUL REVISTEI EUPHORION Livia \u021au\u0219ca, Universitatea de Vest din Timi\u0219oara:\u00a0Forme ale c\u0103ut\u0103rii de sine \u00een lirica lui Blaga: un studiu comparativ PREMIUL I Iulia G\u00e2ndil\u0103,\u00a0Universitatea \u201eLucian Blaga\u201d din Sibiu:\u00a0Toposul &hellip; <a href=\"https:\/\/conferences.ulbsibiu.ro\/lucianblagacolloquium\/?page_id=370\">Continue reading <span class=\"meta-nav\">&rarr;<\/span><\/a><\/p>\n","protected":false},"author":1,"featured_media":0,"parent":367,"menu_order":1,"comment_status":"closed","ping_status":"open","template":"","meta":[],"_links":{"self":[{"href":"https:\/\/conferences.ulbsibiu.ro\/lucianblagacolloquium\/index.php?rest_route=\/wp\/v2\/pages\/370"}],"collection":[{"href":"https:\/\/conferences.ulbsibiu.ro\/lucianblagacolloquium\/index.php?rest_route=\/wp\/v2\/pages"}],"about":[{"href":"https:\/\/conferences.ulbsibiu.ro\/lucianblagacolloquium\/index.php?rest_route=\/wp\/v2\/types\/page"}],"author":[{"embeddable":true,"href":"https:\/\/conferences.ulbsibiu.ro\/lucianblagacolloquium\/index.php?rest_route=\/wp\/v2\/users\/1"}],"replies":[{"embeddable":true,"href":"https:\/\/conferences.ulbsibiu.ro\/lucianblagacolloquium\/index.php?rest_route=%2Fwp%2Fv2%2Fcomments&post=370"}],"version-history":[{"count":3,"href":"https:\/\/conferences.ulbsibiu.ro\/lucianblagacolloquium\/index.php?rest_route=\/wp\/v2\/pages\/370\/revisions"}],"predecessor-version":[{"id":391,"href":"https:\/\/conferences.ulbsibiu.ro\/lucianblagacolloquium\/index.php?rest_route=\/wp\/v2\/pages\/370\/revisions\/391"}],"up":[{"embeddable":true,"href":"https:\/\/conferences.ulbsibiu.ro\/lucianblagacolloquium\/index.php?rest_route=\/wp\/v2\/pages\/367"}],"wp:attachment":[{"href":"https:\/\/conferences.ulbsibiu.ro\/lucianblagacolloquium\/index.php?rest_route=%2Fwp%2Fv2%2Fmedia&parent=370"}],"curies":[{"name":"wp","href":"https:\/\/api.w.org\/{rel}","templated":true}]}}