{"id":426,"date":"2022-10-20T15:55:33","date_gmt":"2022-10-20T15:55:33","guid":{"rendered":"https:\/\/conferences.ulbsibiu.ro\/lucianblagacolloquium\/?page_id=426"},"modified":"2022-10-27T19:09:56","modified_gmt":"2022-10-27T19:09:56","slug":"program-2022","status":"publish","type":"page","link":"https:\/\/conferences.ulbsibiu.ro\/lucianblagacolloquium\/?page_id=426","title":{"rendered":"&#8211; Program 2022"},"content":{"rendered":"\n<p><strong>COLOCVIUL INTERNA\u0162IONAL UNIVERSITAR \u201eLUCIAN BLAGA\u201d<\/strong><\/p>\n\n\n\n<h6>Edi\u0163ia a X-a (XXIV), 26-29 octombrie&nbsp;2022<\/h6>\n\n\n\n<h3>MIERCURI, 26 octombrie 2022<\/h3>\n\n\n\n<p>Ora 18<sup>00<\/sup>&nbsp;\u2013 \u00cent\u00e2lnire de bun-venit (Facultatea de Litere \u0219i Arte, sala 51)<\/p>\n\n\n\n<h3>JOI, 27 octombrie 2022<\/h3>\n\n\n\n<p>Orele 8<sup>30<\/sup>-9<sup>00<\/sup>&nbsp;\u2013&nbsp;&nbsp;\u00cenregistrarea participan\u021bilor<\/p>\n\n\n\n<p>Ora&nbsp;&nbsp;9<sup>00&nbsp;<\/sup>\u2013&nbsp;DESCHIDEREA OFICIAL\u0102 A COLOCVIULUI&nbsp;(Aula \u201eAvram Iancu\u201d)<\/p>\n\n\n\n<p>&nbsp;&nbsp;&nbsp;&nbsp;&nbsp;&nbsp;&nbsp;&nbsp;&nbsp;&nbsp;&nbsp;&nbsp;&nbsp;Link:&nbsp;<strong><a href=\"https:\/\/meet.google.com\/jbm-rkxv-yxv\">https:\/\/meet.google.com\/jbm-rkxv-yxv<\/a><\/strong><\/p>\n\n\n\n<p>&#8211; Mesajul Rectoratului Universit\u0103\u0163ii \u201eLucian Blaga\u201d din Sibiu<\/p>\n\n\n\n<p>&#8211; Mesajul M. Mohamed KETATA, Directeur r\u00e9gional AUF&nbsp;<\/p>\n\n\n\n<p>&#8211; Mesajul M. Adrian T\u0102N\u0102SESCU, Directeur adjoint Projets AUF (adrian.tanasescu@auf.org)&nbsp;<\/p>\n\n\n\n<p>&#8211; Mesajul Mme Mihaela BABUT,&nbsp;responsable principal des projets<br>Europe Centrale et Orientale AUF<\/p>\n\n\n\n<p>&#8211; Mesajul Decanului Facult\u0103\u021bii de Litere \u0219i Arte, Prof. univ. dr. habil. Drago\u0219 VARGA&nbsp;<\/p>\n\n\n\n<p>-Mesajul Directorului DSR,&nbsp;Prof. univ. dr. habil. Radu DR\u0102GULESCU&nbsp;<\/p>\n\n\n\n<p>&#8211; Mesajul M. J\u00e9r\u00f4me COCHAND, Lector de limba francez\u0103 (ULBS)&nbsp;<\/p>\n\n\n\n<p>&nbsp;&nbsp;&nbsp;&nbsp;&nbsp;&nbsp;&nbsp;&nbsp;&nbsp;&nbsp;&nbsp;&nbsp;&nbsp;&nbsp;&nbsp;&nbsp;&#8211; RECITAL DE POEZIE: Studen\u021bii Departamentului de Art\u0103 Teatral\u0103, coordona\u021bi de conf. univ. dr. Florin CO\u0218ULE\u021a<\/p>\n\n\n\n<p><\/p>\n\n\n\n<p>Orele 9<sup>30<\/sup>-10<sup>15<\/sup>&nbsp;\u2013 Conferin\u0163\u0103 inaugural\u0103:&nbsp;<\/p>\n\n\n\n<p>&nbsp;&nbsp;&nbsp;&nbsp;&nbsp;&nbsp;&nbsp;&nbsp;&nbsp;&nbsp;&nbsp;&nbsp;&nbsp;&nbsp;&nbsp;&nbsp;&nbsp;&nbsp;&nbsp;&nbsp;&nbsp;&nbsp;Jean PONCET:&nbsp;<strong><em>Pour une r\u00e9publique des passeurs. Traduire&nbsp;&nbsp;&nbsp;&nbsp;&nbsp;la litt\u00e9rature et la philosophie \u00e9crites dans des langues de diffusion restreinte<\/em><\/strong><\/p>\n\n\n\n<p>Orele 10<sup>30&nbsp;<\/sup>-12<sup>30<\/sup>&nbsp;\u2013 Comunic\u0103ri \u015fi dezbateri \u00een sec\u0163iuni:<\/p>\n\n\n\n<ol type=\"I\"><li><em>Lucian Blaga \u2013 Atelier de traduceri<\/em>&nbsp;1 (sala 36)<\/li><\/ol>\n\n\n\n<p>Link:&nbsp;<a href=\"https:\/\/meet.google.com\/uov-yfxt-iqj\">https:\/\/meet.google.com\/uov-yfxt-iqj<\/a><\/p>\n\n\n\n<ol type=\"I\"><li><em>Lucian Blaga \u2013 Studii literare. Poetic\u0103 \u0219i stilistic\u0103&nbsp;<\/em>&nbsp;(sala 56)<\/li><\/ol>\n\n\n\n<p>Link:&nbsp;<a href=\"https:\/\/meet.google.com\/ucs-zxzd-txr\">https:\/\/meet.google.com\/ucs-zxzd-txr<\/a><\/p>\n\n\n\n<p>Ora 13<sup>00<\/sup>&nbsp;\u2013 Pr\u00e2nzul (Cantina studen\u021beasc\u0103 ULBS)<\/p>\n\n\n\n<p>Orele 15<sup>00<\/sup>-18<sup>00<\/sup>&nbsp;\u2013 Comunic\u0103ri \u015fi dezbateri \u00een sec\u0163iuni:<\/p>\n\n\n\n<ol type=\"I\"><li><em>Metode recente \u00een abordarea textelor literare<\/em>&nbsp;&nbsp;(sala 51)<\/li><\/ol>\n\n\n\n<p>Link:&nbsp;<a href=\"https:\/\/meet.google.com\/opn-thwq-qcp\">https:\/\/meet.google.com\/opn-thwq-qcp<\/a><\/p>\n\n\n\n<ol type=\"I\"><li><em>Frica \u0219i literatura&nbsp;&nbsp;<\/em>(sala 55)<\/li><\/ol>\n\n\n\n<p>Link:&nbsp;<a href=\"https:\/\/meet.google.com\/awy-vuyv-qvo\">https:\/\/meet.google.com\/awy-vuyv-qvo<\/a><\/p>\n\n\n\n<ul><li><em>Lucian Blaga \u2013 Atelier de traduceri&nbsp;<\/em>2 (online)<\/li><\/ul>\n\n\n\n<p>Link:&nbsp;<a href=\"https:\/\/meet.google.com\/uov-yfxt-iqj\">https:\/\/meet.google.com\/uov-yfxt-iqj<\/a><\/p>\n\n\n\n<p>Ora 19<sup>00&nbsp;<\/sup>\u2013 Spectacol de teatru:&nbsp;<em>Jocul de-a vacan\u021ba&nbsp;<\/em>de Mihail Sebastian<\/p>\n\n\n\n<p>Regia: Florin CO\u0218ULE\u021a (Facultatea de Litere \u0219i Arte, sala CAVAS)<\/p>\n\n\n\n<p>Ora 20<sup>00&nbsp;<\/sup>\u2013 Cina&nbsp;<\/p>\n\n\n\n<h3>VINERI, 28 octombrie 2022<\/h3>\n\n\n\n<p>Orele 10<sup>00<\/sup>-11<sup>30&nbsp;<\/sup>\u2013 Comunic\u0103ri \u015fi dezbateri \u00een sec\u0163iuni:<\/p>\n\n\n\n<p>VI.<em>&nbsp;&nbsp;&nbsp;&nbsp;&nbsp;Crea\u021bie literar\u0103&nbsp;<\/em>(online)<\/p>\n\n\n\n<p>Link:&nbsp;<a href=\"http:\/\/meet.google.com\/anh-nngw-prn\">meet.google.com\/anh-nngw-prn<\/a><\/p>\n\n\n\n<p>VII.<em>&nbsp;&nbsp;&nbsp;&nbsp;&nbsp;Lucian Blaga \u2013&nbsp;Atelier de traduceri&nbsp;<\/em>3 (online)<\/p>\n\n\n\n<p>Link:&nbsp;<a href=\"https:\/\/meet.google.com\/uov-yfxt-iqj\">https:\/\/meet.google.com\/uov-yfxt-iqj<\/a><\/p>\n\n\n\n<p>Ora 12<sup>30<\/sup><sup>&nbsp;<\/sup>\u2013 Premierea (sala 60)<\/p>\n\n\n\n<p>&nbsp;&nbsp;&nbsp;&nbsp;&nbsp;&nbsp;Link:&nbsp;<a href=\"https:\/\/meet.google.com\/ftb-efek-fks\">https:\/\/meet.google.com\/ftb-efek-fks<\/a><\/p>\n\n\n\n<p>PRGRAMUL COMPLET:<\/p>\n\n\n\n<p><a href=\"https:\/\/conferences.ulbsibiu.ro\/lucianblagacolloquium\/wp-content\/uploads\/Program_CLB_2022_3.pdf\" target=\"_blank\" rel=\"noreferrer noopener\">https:\/\/conferences.ulbsibiu.ro\/lucianblagacolloquium\/wp-content\/uploads\/Program_CLB_2022_3.pdf<\/a><\/p>\n\n\n\n<p><\/p>\n\n\n\n<figure class=\"wp-block-gallery columns-0 is-cropped\"><ul class=\"blocks-gallery-grid\"><\/ul><\/figure>\n\n\n\n<p><\/p>\n\n\n\n<figure class=\"wp-block-image size-large\"><img loading=\"lazy\" width=\"722\" height=\"1024\" src=\"https:\/\/conferences.ulbsibiu.ro\/lucianblagacolloquium\/wp-content\/uploads\/Captura-de-ecran-din-2022-10-20-la-19.11.24-722x1024.png\" alt=\"\" class=\"wp-image-434\" srcset=\"https:\/\/conferences.ulbsibiu.ro\/lucianblagacolloquium\/wp-content\/uploads\/Captura-de-ecran-din-2022-10-20-la-19.11.24-722x1024.png 722w, https:\/\/conferences.ulbsibiu.ro\/lucianblagacolloquium\/wp-content\/uploads\/Captura-de-ecran-din-2022-10-20-la-19.11.24-211x300.png 211w, https:\/\/conferences.ulbsibiu.ro\/lucianblagacolloquium\/wp-content\/uploads\/Captura-de-ecran-din-2022-10-20-la-19.11.24.png 740w\" sizes=\"(max-width: 722px) 100vw, 722px\" \/><\/figure>\n","protected":false},"excerpt":{"rendered":"<p>COLOCVIUL INTERNA\u0162IONAL UNIVERSITAR \u201eLUCIAN BLAGA\u201d Edi\u0163ia a X-a (XXIV), 26-29 octombrie&nbsp;2022 MIERCURI, 26 octombrie 2022 Ora 1800&nbsp;\u2013 \u00cent\u00e2lnire de bun-venit (Facultatea de Litere \u0219i Arte, sala 51) JOI, 27 octombrie 2022 Orele 830-900&nbsp;\u2013&nbsp;&nbsp;\u00cenregistrarea participan\u021bilor Ora&nbsp;&nbsp;900&nbsp;\u2013&nbsp;DESCHIDEREA OFICIAL\u0102 A COLOCVIULUI&nbsp;(Aula \u201eAvram Iancu\u201d) &hellip; <a href=\"https:\/\/conferences.ulbsibiu.ro\/lucianblagacolloquium\/?page_id=426\">Continue reading <span class=\"meta-nav\">&rarr;<\/span><\/a><\/p>\n","protected":false},"author":1,"featured_media":0,"parent":77,"menu_order":0,"comment_status":"closed","ping_status":"closed","template":"","meta":[],"_links":{"self":[{"href":"https:\/\/conferences.ulbsibiu.ro\/lucianblagacolloquium\/index.php?rest_route=\/wp\/v2\/pages\/426"}],"collection":[{"href":"https:\/\/conferences.ulbsibiu.ro\/lucianblagacolloquium\/index.php?rest_route=\/wp\/v2\/pages"}],"about":[{"href":"https:\/\/conferences.ulbsibiu.ro\/lucianblagacolloquium\/index.php?rest_route=\/wp\/v2\/types\/page"}],"author":[{"embeddable":true,"href":"https:\/\/conferences.ulbsibiu.ro\/lucianblagacolloquium\/index.php?rest_route=\/wp\/v2\/users\/1"}],"replies":[{"embeddable":true,"href":"https:\/\/conferences.ulbsibiu.ro\/lucianblagacolloquium\/index.php?rest_route=%2Fwp%2Fv2%2Fcomments&post=426"}],"version-history":[{"count":14,"href":"https:\/\/conferences.ulbsibiu.ro\/lucianblagacolloquium\/index.php?rest_route=\/wp\/v2\/pages\/426\/revisions"}],"predecessor-version":[{"id":490,"href":"https:\/\/conferences.ulbsibiu.ro\/lucianblagacolloquium\/index.php?rest_route=\/wp\/v2\/pages\/426\/revisions\/490"}],"up":[{"embeddable":true,"href":"https:\/\/conferences.ulbsibiu.ro\/lucianblagacolloquium\/index.php?rest_route=\/wp\/v2\/pages\/77"}],"wp:attachment":[{"href":"https:\/\/conferences.ulbsibiu.ro\/lucianblagacolloquium\/index.php?rest_route=%2Fwp%2Fv2%2Fmedia&parent=426"}],"curies":[{"name":"wp","href":"https:\/\/api.w.org\/{rel}","templated":true}]}}