{"id":147,"date":"2023-02-09T07:28:15","date_gmt":"2023-02-09T07:28:15","guid":{"rendered":"https:\/\/conferences.ulbsibiu.ro\/zmds\/?page_id=147"},"modified":"2025-11-23T18:12:41","modified_gmt":"2025-11-23T18:12:41","slug":"program","status":"publish","type":"page","link":"https:\/\/conferences.ulbsibiu.ro\/zmds\/program\/","title":{"rendered":"Program"},"content":{"rendered":"\n<p><strong>Ziua 1: Joi 20 nov. 2025<\/strong><\/p>\n\n\n\n<p><strong>PRELEGERI (09:00-19:00)<\/strong><\/p>\n\n\n\n<p><strong>09.00-09.05 <a>Conf. Univ. Dr. Laura \u0218TEF (ULBS)<\/a> <\/strong><em>Raport asupra temei<\/em><\/p>\n\n\n\n<p><strong>09.05-09.15 As. univ. Dr. Andrei ANDRONIC (presedinte CMS Sibiu) C<\/strong><em>uv\u00e2nt de deschidere din partea Colegiului Medicilor Stomatologi din Sibiu<\/em><\/p>\n\n\n\n<p><strong>09.15-10.00 Prof.univ.dr. Mona IONA\u015e (ULBS) <\/strong>Planul de tratament protetic de la clasic la digital.<\/p>\n\n\n\n<p><strong>10.00-10.45 Conf. Univ. Dr. Anca FR\u0102\u0162IL\u0102 (ULBS) <\/strong>Utilizarea tomografiei computerizate cu fascicul conic \u00een identificarea modific\u0103rilor osteo-articulare \u00een disfunc\u021bia temporomandibular\u0103<\/p>\n\n\n\n<p><strong>10.45-11.00 Cofee break<\/strong><\/p>\n\n\n\n<p><strong>11.00-11.45 Prof. univ dr. Mihaela HEDE\u0218IU (UMF \u201cIuliu Ha\u021bieganu\u201c CLUJ-NAPOCA) <\/strong>Abordarea imagistica a durerii faciale<\/p>\n\n\n\n<p><strong>11.45-12.30 Dr. Diana Monica PREDA (SCUC \u201eGrigore Alexandrescu\u201d BUCURESTI) <\/strong>Aportul imagisticii tridimensionale \u00een diagnosticarea \u015fi planificarea tratamentului copiilor cu anomalii cranio-faciale<\/p>\n\n\n\n<p><strong>12.30-13.15 Conf. Univ. Dr. Gabriela BO\u021aA (ULBS) <\/strong>Endodon\u021bia orientat\u0103 spre&nbsp; conservarea dintelui natural &#8211; strategii&nbsp;actuale<em><\/em><\/p>\n\n\n\n<p><strong>13.15-15.00<em> PAUZA PR\u00c2NZ<\/em><\/strong><\/p>\n\n\n\n<p><strong>15.00-15.45 S.l dr. Daliana Emanuela BOJOGA (UMF TIMISOARA) <\/strong>Efectul radiatiei laser asupra placii bacteriene la pacientii cu tratament ortodontic fix<\/p>\n\n\n\n<p><strong>15.45-16.30 Conf. Univ. Dr. Andreea \u015eTE\u0162IU (ULBS) <\/strong>Interac\u021biunea bidirec\u021bional\u0103 dintre boala parodontal\u0103 \u0219i afec\u021biunile sistemice: implica\u021bii clinice \u0219i terapeutice<\/p>\n\n\n\n<p><strong>16.30-17.15. <strong>Prof univ dr. Mihaela CERNU\u015eCA-MI\u0162ARIU (ULBS) <\/strong>Sinus lift: tehnici modificate post cura radicala de sinus\/post plastii de comunicare oro-antrale<\/strong><\/p>\n\n\n\n<p><strong>17.15-17.30 Cofee break<\/strong><\/p>\n\n\n\n<p><strong>17.30-18.15 <strong>S.l dr. Cristian \u021a\u00c2N\u021aAR (ULBS) <\/strong>Oportunitatea tuneliz\u0103rii ca tehnic\u0103 \u00een grefarea de \u021besut conjunctiv pentru rezolvarea recesiunilor gingivale<\/strong><\/p>\n\n\n\n<p><strong>18.15-19.00 Conf. Univ. Dr. Laura \u015eTEF (ULBS) <\/strong>Medica\u021bia modulatoare osoasa, o provocare pentru medicul&nbsp;stomatolog <strong><\/strong><\/p>\n\n\n\n<p><strong>Ziua&nbsp; 2 VINERI 21 nov 2025<\/strong><\/p>\n\n\n\n<p><strong>PRELEGERI (09:00-18:40)<\/strong><\/p>\n\n\n\n<p><strong>09.00-09.45 Prof . Univ. Dr. Lumini\u0163a LAZ\u0102R (UMFST \u201cGeorge Emil Palade\u201d din T\u00e2rgu Mure\u015f) <\/strong>Abordarea terapeutic\u0103 a formelor severe de afectare parodontal\u0103<\/p>\n\n\n\n<p><strong>09.45-10.30 S.L Dr. Ana-Petra LAZ\u0102R (UMFST \u201cGeorge Emil Palade\u201d din T\u00e2rgu Mure\u015f) <\/strong>Managementul afec\u021biunilor parodontale pe parcursul tratamentului ortodontic<\/p>\n\n\n\n<p><strong>10.30-11.15 S.L dr. Nabil Abdelkader ELSAAFIN MAHMOUD <\/strong><strong>(UMFST \u201cGeorge Emil Palade\u201d din T\u00e2rgu Mure\u015f) <\/strong>Using Mini-screws (TADs) to Improve Orthodontic&nbsp;Treatment<\/p>\n\n\n\n<p><strong>11.15-11.30 Cofee break<\/strong><\/p>\n\n\n\n<p><strong>11.30-12.15 S.L. PHD. MSC. CDT. Andi&nbsp;DRAGU\u015e (UMFCD). <\/strong>REDESIGNUL FUNCTIONAL AL DINTELUI (FTR) &#8211; concept de reabilitare orala biologic si functional ce are ca baza conceptuala anatomia&nbsp;ATM-urilor.<\/p>\n\n\n\n<p><strong>12.15-13.00 Prof. univ. Dr. Mariana P\u0102CURAR (UMFST \u201cGeorge Emil Palade\u201d din T\u00e2rgu Mure\u015f) <\/strong>Avantaje \u0219i limite ale Ortodon\u021biei interceptive la copiii cu malocluzie clasa a III- a Angle<\/p>\n\n\n\n<p><strong>13.00-15.00<em> PAUZA PR\u00c2NZ<\/em><\/strong><\/p>\n\n\n\n<p><strong>15.00-15.45 Dr. Bogdan OPREA (ULB SIBIU) <\/strong>Amprenta optic\u0103 \u00een implantologie simplu-eficient &#8211; rapid.<\/p>\n\n\n\n<p><strong>15.45-16.20 S.L dr. Maria POPA (ULBS) <\/strong>Rolul medicului dentist generalist \u00een preven\u021bia malocluziilor<\/p>\n\n\n\n<p><strong>16.20-16.55 <a>Asist univ. dr<\/a>. Marius SM\u0102R\u0102NDOIU (ULBS) <\/strong>Managementul urgentelor cardiace in practica stomatologica<em><\/em><\/p>\n\n\n\n<p><strong>16.55-17.10 Cofee break<\/strong><\/p>\n\n\n\n<p><strong>17.10-17.55&nbsp;&nbsp;&nbsp;&nbsp; Prof univ dr Viorel IBRIC CIORANU (Spitalul Clinic Sanador \u2013 Bucuresti), <\/strong>Managementul complica\u021biilor in tratamentul implanto-protetic<\/p>\n\n\n\n<p><strong>17.55-18.40 <a>Prof univ dr. Vasile NICOLAE (ULBS) <\/a><\/strong>O sumara recenzie a studiilor ce evalueaza cu prevalenta complica\u021biile in implantologia oral\u0103<\/p>\n\n\n\n<p><strong>Comunicari orale&nbsp;(18:40-19:00)<\/strong><\/p>\n\n\n\n<p><strong>18.40-18.50 S.L Dr. Loredana MI\u0162ARIU (ULBS) <\/strong>Cross challenges \u0219i oportunit\u0103\u021bi \u00een conduita terapeutic\u0103 a pacientului \u00een era IA.<\/p>\n\n\n\n<p><strong>18.50-19.00 Dr. Marius HACK &#8211; Medic Primar Chirurgie Dento-Alveolara, Doctor in Stiinte Medicale (clinica Hack Dental T\u00c2RGOVI\u0218TE) <\/strong>Cercet\u0103ri privind aplicabilitatea inteligen\u021b\u0103 artificial\u0103 \u00een stomatologie<\/p>\n\n\n\n<p><strong>ZIUA 3 S\u00c2MB\u0102T\u0102 22 nov 2025<\/strong><\/p>\n\n\n\n<p><strong>PRELEGERI (09.00-17.00) (sesiune comuna cu tehnicienii dentari din SIBIU)<\/strong><\/p>\n\n\n\n<p><strong>09.00-09.30 S.L. Dr. Gabriela Simona MI\u0162ARIU (ULBS) <\/strong>Printarea 3D a metalelor \u00een laboratoarele de tehnic\u0103 dentar\u0103 \u2013 noi perspective<\/p>\n\n\n\n<p><strong>09.30-10.15 S.L. Dr. Romanita GLIGOR (ULBS) <\/strong>Ocluzograma digitala versus ocluzograma analog predictibilitatea in echilibrarile ocluzale<strong>.<\/strong><\/p>\n\n\n\n<p><strong>10.15-10.45&nbsp;&nbsp;&nbsp;&nbsp; <\/strong><strong>Asist univ.dr. Dana DUMITRA (ULBS) <\/strong>Supraprotezarea pe implanturi avantaje \u0219i dezavantaje<\/p>\n\n\n\n<p><strong>10.45-11.00 Cofee break<\/strong><\/p>\n\n\n\n<p><strong>11.00-13.00 Th. Mihai B\u0102DESCU (Th acreditat OTDR Sibiu) <\/strong>Tehnici digitale de realizare a lucrarilor protetice<\/p>\n\n\n\n<p><strong>13.00-13.45 <\/strong><strong>Prof univ dr. Mircea \u015eTE\u0162IU (ULBS) <\/strong>Studiul prin element finit al implantarii dentare<\/p>\n\n\n\n<p><strong>13.45-15.00<em> PAUZA PR\u00c2NZ<\/em><\/strong><\/p>\n\n\n\n<p><strong>15.00-15.45&nbsp; <a>Asist univ dr<\/a>. D\u0103ncil\u0103 Adela (ULBS) <\/strong>Managementul durerii \u00een medicina dentar\u0103.<\/p>\n\n\n\n<p><strong>15.45-16.15 <strong>Asist univ dr. Albertina ST\u0102NILA (ULBS) <\/strong>Influenta posturii corporale asupra ocluzie statice<\/strong><\/p>\n\n\n\n<p><strong>16.15-17.00 <strong>S.l dr. S\u0103celean Adriana (ULB) <\/strong>Tehnici de restaurare cu materiale compozite \u00een zona posterioar\u0103<\/strong><\/p>\n\n\n\n<p><strong>17.00-17.15 Cofee break<\/strong><\/p>\n\n\n\n<p><strong>Comunicari orale&nbsp;(17:15-18:00)<\/strong><\/p>\n\n\n\n<p><strong>17.15-17.25 Conf. Univ. Dr. Stetiu Andreea (ULBS), Dr. S\u00e2ia Oana (<a>medic rezident<\/a> ULBS) <\/strong>Efecte psiho-sociale asociate tratamentului ortodontic<\/p>\n\n\n\n<p><strong>17.25-17.35 Conf. Univ. Dr. Stetiu Andreea (ULBS), Dr. Cioca Ramona-Ioana (medic rezident ULBS) <\/strong>Impactul consumului de \u021big\u0103ri electronice asupra statusului parodontal<\/p>\n\n\n\n<p><strong>17.35-17.45 Conf. Univ. Dr. Stef Laura (ULBS), Dr. Moldovan Corina (medic rezident ULBS) <\/strong>Diagnosticul SMART&nbsp; si aplicabilitatea lui in practica stomatologica<\/p>\n\n\n\n<p><strong>17.45-18.00 Sesiune de discutii, intrebari, dezbateri, inchiderea congresului.<\/strong><\/p>\n\n\n\n<p><\/p>\n\n\n\n<p><\/p>\n\n\n\n<figure class=\"wp-block-image size-large\"><img decoding=\"async\" loading=\"lazy\" width=\"1024\" height=\"497\" src=\"https:\/\/conferences.ulbsibiu.ro\/zmds\/wp-content\/uploads\/16-1024x497.jpg\" alt=\"\" class=\"wp-image-5118\" srcset=\"https:\/\/conferences.ulbsibiu.ro\/zmds\/wp-content\/uploads\/16-1024x497.jpg 1024w, https:\/\/conferences.ulbsibiu.ro\/zmds\/wp-content\/uploads\/16-300x146.jpg 300w, https:\/\/conferences.ulbsibiu.ro\/zmds\/wp-content\/uploads\/16-768x373.jpg 768w, https:\/\/conferences.ulbsibiu.ro\/zmds\/wp-content\/uploads\/16-1536x746.jpg 1536w, https:\/\/conferences.ulbsibiu.ro\/zmds\/wp-content\/uploads\/16-1200x583.jpg 1200w, https:\/\/conferences.ulbsibiu.ro\/zmds\/wp-content\/uploads\/16-600x291.jpg 600w, https:\/\/conferences.ulbsibiu.ro\/zmds\/wp-content\/uploads\/16.jpg 1600w\" sizes=\"(max-width: 1024px) 100vw, 1024px\" \/><\/figure>\n","protected":false},"excerpt":{"rendered":"<p>Ziua 1: Joi 20 nov. 2025 PRELEGERI (09:00-19:00) 09.00-09.05 Conf. Univ. Dr. Laura \u0218TEF (ULBS) Raport asupra temei 09.05-09.15 As. univ. Dr. Andrei ANDRONIC (presedinte CMS Sibiu) Cuv\u00e2nt de deschidere din partea Colegiului Medicilor Stomatologi din Sibiu 09.15-10.00 Prof.univ.dr. Mona IONA\u015e (ULBS) Planul de tratament protetic de la clasic la digital. 10.00-10.45 Conf. Univ. Dr. [&hellip;]<\/p>\n","protected":false},"author":1,"featured_media":0,"parent":0,"menu_order":0,"comment_status":"closed","ping_status":"closed","template":"","meta":[],"_links":{"self":[{"href":"https:\/\/conferences.ulbsibiu.ro\/zmds\/wp-json\/wp\/v2\/pages\/147"}],"collection":[{"href":"https:\/\/conferences.ulbsibiu.ro\/zmds\/wp-json\/wp\/v2\/pages"}],"about":[{"href":"https:\/\/conferences.ulbsibiu.ro\/zmds\/wp-json\/wp\/v2\/types\/page"}],"author":[{"embeddable":true,"href":"https:\/\/conferences.ulbsibiu.ro\/zmds\/wp-json\/wp\/v2\/users\/1"}],"replies":[{"embeddable":true,"href":"https:\/\/conferences.ulbsibiu.ro\/zmds\/wp-json\/wp\/v2\/comments?post=147"}],"version-history":[{"count":75,"href":"https:\/\/conferences.ulbsibiu.ro\/zmds\/wp-json\/wp\/v2\/pages\/147\/revisions"}],"predecessor-version":[{"id":5119,"href":"https:\/\/conferences.ulbsibiu.ro\/zmds\/wp-json\/wp\/v2\/pages\/147\/revisions\/5119"}],"wp:attachment":[{"href":"https:\/\/conferences.ulbsibiu.ro\/zmds\/wp-json\/wp\/v2\/media?parent=147"}],"curies":[{"name":"wp","href":"https:\/\/api.w.org\/{rel}","templated":true}]}}